{"id":25787,"date":"2025-11-13T14:51:30","date_gmt":"2025-11-13T17:51:30","guid":{"rendered":"https:\/\/superior-infd.mendoza.edu.ar\/sitio\/?page_id=25787"},"modified":"2026-03-27T15:11:07","modified_gmt":"2026-03-27T18:11:07","slug":"normativa-concursos-horas-titular","status":"publish","type":"page","link":"https:\/\/superior-infd.mendoza.edu.ar\/sitio\/normativa-concursos-horas-titular\/","title":{"rendered":"Normativa concursos horas -TITULAR-"},"content":{"rendered":"\n<p class=\"has-base-3-color has-text-color has-background\" style=\"background-color:#8b008b\"><strong><strong>Resoluci\u00f3n 2026-41-E-GDEMZA-CGES#DGE<\/strong><\/strong><\/p>\n\n\n\n<p><strong>Referencia<\/strong>: Resoluci\u00f3n Procedimiento para el ofrecimiento de horas del concurso p\u00fablico y abierto de t\u00edtulos, antecedentes y oposici\u00f3n &#8211; Convocatoria 2025-2026.<\/p>\n\n\n\n<div class=\"wp-block-file\"><object class=\"wp-block-file__embed\" data=\"https:\/\/superior-infd.mendoza.edu.ar\/sitio\/wp-content\/uploads\/2026\/03\/RS-2026-41-GDEMZA-CGES_DGE-Resol.-Procedimiento-para-el-ofrecimiento-de-horas-Concurso-horas-catedra-en-caracter-de-titular-2025-2026.pdf\" type=\"application\/pdf\" style=\"width:100%;height:600px\" aria-label=\"Incrustado de RS-2026-41-GDEMZA-CGES_DGE - Resol. Procedimiento para el ofrecimiento de horas - Concurso horas c\u00e1tedra en caracter de titular 2025-2026.\"><\/object><a id=\"wp-block-file--media-b98ade0c-7d70-42f2-8117-a1a635e067cd\" href=\"https:\/\/superior-infd.mendoza.edu.ar\/sitio\/wp-content\/uploads\/2026\/03\/RS-2026-41-GDEMZA-CGES_DGE-Resol.-Procedimiento-para-el-ofrecimiento-de-horas-Concurso-horas-catedra-en-caracter-de-titular-2025-2026.pdf\">RS-2026-41-GDEMZA-CGES_DGE &#8211; Resol. Procedimiento para el ofrecimiento de horas &#8211; Concurso horas c\u00e1tedra en caracter de titular 2025-2026<\/a><a href=\"https:\/\/superior-infd.mendoza.edu.ar\/sitio\/wp-content\/uploads\/2026\/03\/RS-2026-41-GDEMZA-CGES_DGE-Resol.-Procedimiento-para-el-ofrecimiento-de-horas-Concurso-horas-catedra-en-caracter-de-titular-2025-2026.pdf\" class=\"wp-block-file__button wp-element-button\" download aria-describedby=\"wp-block-file--media-b98ade0c-7d70-42f2-8117-a1a635e067cd\">Descarga<\/a><\/div>\n\n\n\n<p class=\"has-base-3-color has-text-color has-background\" style=\"background-color:#8b008b\"><strong><strong>Anexo &#8211; Resoluci\u00f3n 2026-41-E-GDEMZA-CGES#DGE<\/strong><\/strong><\/p>\n\n\n\n<div class=\"wp-block-file\"><object class=\"wp-block-file__embed\" data=\"https:\/\/superior-infd.mendoza.edu.ar\/sitio\/wp-content\/uploads\/2026\/03\/ANEXO-Procedimiento-para-el-ofrecimiento-de-horas-Concurso-publico-y-abierto-de-titulos-antecedentes-y-oposicion-para-la-cobertura-de-horas-catedra-en-caracter-de-titular-2025-2026.pdf\" type=\"application\/pdf\" style=\"width:100%;height:600px\" aria-label=\"Incrustado de ANEXO - Procedimiento para el ofrecimiento de horas - Concurso publico y abierto de t\u00edtulos, antecedentes y oposici\u00f3n para la cobertura de horas c\u00e1tedra en caracter de titular 2025-2026.\"><\/object><a id=\"wp-block-file--media-4e548297-a39c-499a-af11-ada6d8c7f1f9\" href=\"https:\/\/superior-infd.mendoza.edu.ar\/sitio\/wp-content\/uploads\/2026\/03\/ANEXO-Procedimiento-para-el-ofrecimiento-de-horas-Concurso-publico-y-abierto-de-titulos-antecedentes-y-oposicion-para-la-cobertura-de-horas-catedra-en-caracter-de-titular-2025-2026.pdf\">ANEXO &#8211; Procedimiento para el ofrecimiento de horas &#8211; Concurso publico y abierto de t\u00edtulos, antecedentes y oposici\u00f3n para la cobertura de horas c\u00e1tedra en caracter de titular 2025-2026<\/a><a href=\"https:\/\/superior-infd.mendoza.edu.ar\/sitio\/wp-content\/uploads\/2026\/03\/ANEXO-Procedimiento-para-el-ofrecimiento-de-horas-Concurso-publico-y-abierto-de-titulos-antecedentes-y-oposicion-para-la-cobertura-de-horas-catedra-en-caracter-de-titular-2025-2026.pdf\" class=\"wp-block-file__button wp-element-button\" download aria-describedby=\"wp-block-file--media-4e548297-a39c-499a-af11-ada6d8c7f1f9\">Descarga<\/a><\/div>\n\n\n\n<p class=\"has-base-3-color has-text-color has-background\" style=\"background-color:#8b008b\"><strong><strong>Resoluci\u00f3n 2026-37-E-GDEMZA-CGES#DGE<\/strong><\/strong><\/p>\n\n\n\n<p><strong>Referencia<\/strong>: Resoluci\u00f3n Pr\u00f3rroga por v\u00eda de excepcionalidad, del funcionamiento del jurado de distintos agrupamientos<\/p>\n\n\n\n<div class=\"wp-block-file\"><object class=\"wp-block-file__embed\" data=\"https:\/\/superior-infd.mendoza.edu.ar\/sitio\/wp-content\/uploads\/2026\/03\/RS-2026-37-GDEMZA-CGES_DGE-Resol.-Prorroga-por-via-de-excepcionalidad-del-funcionamiento-del-jurado-de-distintos-agrupamientos-y-publicacion-de-vacantes.pdf\" type=\"application\/pdf\" style=\"width:100%;height:600px\" aria-label=\"Incrustado de RS-2026-37-GDEMZA-CGES_DGE Resol. Pr\u00f3rroga por v\u00eda de excepcionalidad, del funcionamiento del jurado de distintos agrupamientos y publicaci\u00f3n de vacantes.\"><\/object><a id=\"wp-block-file--media-e2950b70-5d6d-47d9-b560-a9275f123fea\" href=\"https:\/\/superior-infd.mendoza.edu.ar\/sitio\/wp-content\/uploads\/2026\/03\/RS-2026-37-GDEMZA-CGES_DGE-Resol.-Prorroga-por-via-de-excepcionalidad-del-funcionamiento-del-jurado-de-distintos-agrupamientos-y-publicacion-de-vacantes.pdf\">RS-2026-37-GDEMZA-CGES_DGE Resol. Pr\u00f3rroga por v\u00eda de excepcionalidad, del funcionamiento del jurado de distintos agrupamientos y publicaci\u00f3n de vacantes<\/a><a href=\"https:\/\/superior-infd.mendoza.edu.ar\/sitio\/wp-content\/uploads\/2026\/03\/RS-2026-37-GDEMZA-CGES_DGE-Resol.-Prorroga-por-via-de-excepcionalidad-del-funcionamiento-del-jurado-de-distintos-agrupamientos-y-publicacion-de-vacantes.pdf\" class=\"wp-block-file__button wp-element-button\" download aria-describedby=\"wp-block-file--media-e2950b70-5d6d-47d9-b560-a9275f123fea\">Descarga<\/a><\/div>\n\n\n\n<p class=\"has-base-3-color has-text-color has-background\" style=\"background-color:#8b008b\"><strong><strong>Resoluci\u00f3n 2026-27-E-GDEMZA-CGES#DGE<\/strong><\/strong><\/p>\n\n\n\n<p><strong>Referencia<\/strong>: Resoluci\u00f3n Nueva designaci\u00f3n de jurados agrupamientos de los concursos p\u00fablicos y abiertos para la cobertura de horas c\u00e1tedra y cargos de Secretario y Bedel\/Preceptor en car\u00e1cter titular en IES de gesti\u00f3n estatal &#8211; Modificaci\u00f3n parcial del cronograma.<\/p>\n\n\n\n<div class=\"wp-block-file\"><object class=\"wp-block-file__embed\" data=\"https:\/\/superior-infd.mendoza.edu.ar\/sitio\/wp-content\/uploads\/2026\/03\/RS-2026-27-GDEMZA-CGES_DGE-RESOL.-NUEVA-DESIGNACION-JURADOS.pdf\" type=\"application\/pdf\" style=\"width:100%;height:600px\" aria-label=\"Incrustado de RS-2026-27-GDEMZA-CGES_DGE - RESOL. NUEVA DESIGNACI\u00d3N JURADOS.\"><\/object><a id=\"wp-block-file--media-222a8d2f-d375-4b8d-bebd-c523e3a559b4\" href=\"https:\/\/superior-infd.mendoza.edu.ar\/sitio\/wp-content\/uploads\/2026\/03\/RS-2026-27-GDEMZA-CGES_DGE-RESOL.-NUEVA-DESIGNACION-JURADOS.pdf\">RS-2026-27-GDEMZA-CGES_DGE &#8211; RESOL. NUEVA DESIGNACI\u00d3N JURADOS<\/a><a href=\"https:\/\/superior-infd.mendoza.edu.ar\/sitio\/wp-content\/uploads\/2026\/03\/RS-2026-27-GDEMZA-CGES_DGE-RESOL.-NUEVA-DESIGNACION-JURADOS.pdf\" class=\"wp-block-file__button wp-element-button\" download aria-describedby=\"wp-block-file--media-222a8d2f-d375-4b8d-bebd-c523e3a559b4\">Descarga<\/a><\/div>\n\n\n\n<p class=\"has-base-3-color has-text-color has-background\" style=\"background-color:#8b008b\"><strong><strong>Resoluci\u00f3n 2026-25-E-GDEMZA-CGES#DGE<\/strong><\/strong><\/p>\n\n\n\n<p><strong>Referencia<\/strong>: Resoluci\u00f3n nueva designaci\u00f3n jurados para agrupamientos de los concurso p\u00fablico y abierto det\u00edtulos, antecedentes y oposici\u00f3n para la cobertura de horas c\u00e1tedra y cargos de Secretario y Bedel\/Preceptor en car\u00e1cter titular IES gesti\u00f3n estatal.<\/p>\n\n\n\n<div class=\"wp-block-file\"><object class=\"wp-block-file__embed\" data=\"https:\/\/superior-infd.mendoza.edu.ar\/sitio\/wp-content\/uploads\/2026\/03\/RS-2026-25-GDEMZA-CGES_DGE.pdf\" type=\"application\/pdf\" style=\"width:100%;height:600px\" aria-label=\"Incrustado de RS-2026-25-GDEMZA-CGES_DGE.\"><\/object><a id=\"wp-block-file--media-4968b281-b7b3-4723-a449-6d196500a980\" href=\"https:\/\/superior-infd.mendoza.edu.ar\/sitio\/wp-content\/uploads\/2026\/03\/RS-2026-25-GDEMZA-CGES_DGE.pdf\">RS-2026-25-GDEMZA-CGES_DGE<\/a><a href=\"https:\/\/superior-infd.mendoza.edu.ar\/sitio\/wp-content\/uploads\/2026\/03\/RS-2026-25-GDEMZA-CGES_DGE.pdf\" class=\"wp-block-file__button wp-element-button\" download aria-describedby=\"wp-block-file--media-4968b281-b7b3-4723-a449-6d196500a980\">Descarga<\/a><\/div>\n\n\n\n<p class=\"has-base-3-color has-text-color has-background\" style=\"background-color:#8b008b\"><strong><strong>Resoluci\u00f3n 2026-21-E-GDEMZA-CGES#DGE<\/strong><\/strong><\/p>\n\n\n\n<p><strong>Referencia<\/strong>: Resoluci\u00f3n Modificatoria parcial del Anexo de la RESOL-2025-393-E-GDEMZA-CGES#DGE -Concurso p\u00fablico y abierto de t\u00edtulos, antecedentes y oposici\u00f3n para la cobertura de horas c\u00e1tedra en car\u00e1cter de titular en el nivel superior.<\/p>\n\n\n\n<div class=\"wp-block-file\"><object class=\"wp-block-file__embed\" data=\"https:\/\/superior-infd.mendoza.edu.ar\/sitio\/wp-content\/uploads\/2026\/03\/RS-2026-21-GDEMZA-CGES_DGE-Resol.-Modificatoria-parcial-del-Anexo-de-la-RESOL-2025-393-E-GDEMZA-CGESDGE-Concurso.-Tit.-2025-2026.pdf\" type=\"application\/pdf\" style=\"width:100%;height:600px\" aria-label=\"Incrustado de RS-2026-21-GDEMZA-CGES_DGE - Resol. Modificatoria parcial del Anexo de la RESOL-2025-393-E-GDEMZA-CGES#DGE - Concurso. Tit. 2025-2026.\"><\/object><a id=\"wp-block-file--media-f05c70da-0c9b-4068-98d2-ed0e8a11fe54\" href=\"https:\/\/superior-infd.mendoza.edu.ar\/sitio\/wp-content\/uploads\/2026\/03\/RS-2026-21-GDEMZA-CGES_DGE-Resol.-Modificatoria-parcial-del-Anexo-de-la-RESOL-2025-393-E-GDEMZA-CGESDGE-Concurso.-Tit.-2025-2026.pdf\">RS-2026-21-GDEMZA-CGES_DGE &#8211; Resol. Modificatoria parcial del Anexo de la RESOL-2025-393-E-GDEMZA-CGES#DGE &#8211; Concurso. Tit. 2025-2026<\/a><a href=\"https:\/\/superior-infd.mendoza.edu.ar\/sitio\/wp-content\/uploads\/2026\/03\/RS-2026-21-GDEMZA-CGES_DGE-Resol.-Modificatoria-parcial-del-Anexo-de-la-RESOL-2025-393-E-GDEMZA-CGESDGE-Concurso.-Tit.-2025-2026.pdf\" class=\"wp-block-file__button wp-element-button\" download aria-describedby=\"wp-block-file--media-f05c70da-0c9b-4068-98d2-ed0e8a11fe54\">Descarga<\/a><\/div>\n\n\n\n<p class=\"has-base-3-color has-text-color has-background\" style=\"background-color:#8b008b\"><strong>Resoluci\u00f3n 2025-465-E-GDEMZA-CGES#DGE<\/strong><\/p>\n\n\n\n<p><strong>Referencia<\/strong>: Resoluci\u00f3n Designaci\u00f3n de jurado para el concurso p\u00fablico y abierto de t\u00edtulos, antecedentes y oposici\u00f3n para la cobertura de horas c\u00e1tedra y cargos de Secretario y Bedel\/Preceptor en car\u00e1cter de titular en IES de gesti\u00f3n estatal.<\/p>\n\n\n\n<div class=\"wp-block-file\"><object class=\"wp-block-file__embed\" data=\"https:\/\/superior-infd.mendoza.edu.ar\/sitio\/wp-content\/uploads\/2025\/12\/RS-2025-465-GDEMZA-CGES_DGE-Resol.-Designacion-de-jurado-para-el-concurso-cobertura-horas-y-cargos-en-caracter-de-titular-IES-gestion-estatal.pdf\" type=\"application\/pdf\" style=\"width:100%;height:600px\" aria-label=\"Incrustado de RS-2025-465-GDEMZA-CGES_DGE - Resol. Designaci\u00f3n de jurado para el concurso cobertura horas y cargos en car\u00e1cter de titular - IES gesti\u00f3n estatal.\"><\/object><a id=\"wp-block-file--media-ef440345-7031-415b-bb0d-8449243e8a02\" href=\"https:\/\/superior-infd.mendoza.edu.ar\/sitio\/wp-content\/uploads\/2025\/12\/RS-2025-465-GDEMZA-CGES_DGE-Resol.-Designacion-de-jurado-para-el-concurso-cobertura-horas-y-cargos-en-caracter-de-titular-IES-gestion-estatal.pdf\">RS-2025-465-GDEMZA-CGES_DGE &#8211; Resol. Designaci\u00f3n de jurado para el concurso cobertura horas y cargos en car\u00e1cter de titular &#8211; IES gesti\u00f3n estatal<\/a><a href=\"https:\/\/superior-infd.mendoza.edu.ar\/sitio\/wp-content\/uploads\/2025\/12\/RS-2025-465-GDEMZA-CGES_DGE-Resol.-Designacion-de-jurado-para-el-concurso-cobertura-horas-y-cargos-en-caracter-de-titular-IES-gestion-estatal.pdf\" class=\"wp-block-file__button wp-element-button\" download aria-describedby=\"wp-block-file--media-ef440345-7031-415b-bb0d-8449243e8a02\">Descarga<\/a><\/div>\n\n\n\n<p class=\"has-base-3-color has-text-color has-background\" style=\"background-color:#8b008b\"><strong>Anexo &#8211; Resoluci\u00f3n 2025-465-E-GDEMZA-CGES#DGE<\/strong><\/p>\n\n\n\n<div class=\"wp-block-file\"><object class=\"wp-block-file__embed\" data=\"https:\/\/superior-infd.mendoza.edu.ar\/sitio\/wp-content\/uploads\/2025\/12\/ANEXO-RS-2025-465-GDEMZA-CGES_DGE-Jurados-para-concurso-2025-2026.pdf\" type=\"application\/pdf\" style=\"width:100%;height:600px\" aria-label=\"Incrustado de ANEXO RS-2025-465-GDEMZA-CGES_DGE - Jurados para concurso 2025-2026.\"><\/object><a id=\"wp-block-file--media-69a9908c-e73e-4ff2-bf48-4c002053d4ce\" href=\"https:\/\/superior-infd.mendoza.edu.ar\/sitio\/wp-content\/uploads\/2025\/12\/ANEXO-RS-2025-465-GDEMZA-CGES_DGE-Jurados-para-concurso-2025-2026.pdf\">ANEXO RS-2025-465-GDEMZA-CGES_DGE &#8211; Jurados para concurso 2025-2026<\/a><a href=\"https:\/\/superior-infd.mendoza.edu.ar\/sitio\/wp-content\/uploads\/2025\/12\/ANEXO-RS-2025-465-GDEMZA-CGES_DGE-Jurados-para-concurso-2025-2026.pdf\" class=\"wp-block-file__button wp-element-button\" download aria-describedby=\"wp-block-file--media-69a9908c-e73e-4ff2-bf48-4c002053d4ce\">Descarga<\/a><\/div>\n\n\n\n<hr class=\"wp-block-separator has-alpha-channel-opacity\"\/>\n\n\n\n<hr class=\"wp-block-separator has-alpha-channel-opacity\"\/>\n\n\n\n<p class=\"has-base-3-color has-text-color has-background\" style=\"background-color:#8b008b\"><strong>Resoluci\u00f3n 2025-393-E-GDEMZA-CGES#DGE<\/strong><\/p>\n\n\n\n<p><strong>Referencia<\/strong>: Resoluci\u00f3n concurso p\u00fablico y abierto de t\u00edtulos, antecedentes y oposici\u00f3n para la titularizaci\u00f3n de horas c\u00e1tedra frente a estudiantes en el nivel superior &#8211; Convocatoria 2025<\/p>\n\n\n\n<div class=\"wp-block-file\"><object class=\"wp-block-file__embed\" data=\"https:\/\/superior-infd.mendoza.edu.ar\/sitio\/wp-content\/uploads\/2025\/11\/RS-2025-393-GDEMZA-CGES_DGE-Resol.-Concurso-publico-y-abierto-Convocatoria-2025.pdf\" type=\"application\/pdf\" style=\"width:100%;height:600px\" aria-label=\"Incrustado de RS-2025-393-GDEMZA-CGES_DGE-Resol.-Concurso-publico-y-abierto-Convocatoria-2025.\"><\/object><a id=\"wp-block-file--media-271e72fb-3acc-4507-b9fe-f99ecf240fb8\" href=\"https:\/\/superior-infd.mendoza.edu.ar\/sitio\/wp-content\/uploads\/2025\/11\/RS-2025-393-GDEMZA-CGES_DGE-Resol.-Concurso-publico-y-abierto-Convocatoria-2025.pdf\">RS-2025-393-GDEMZA-CGES_DGE-Resol.-Concurso-publico-y-abierto-Convocatoria-2025<\/a><a href=\"https:\/\/superior-infd.mendoza.edu.ar\/sitio\/wp-content\/uploads\/2025\/11\/RS-2025-393-GDEMZA-CGES_DGE-Resol.-Concurso-publico-y-abierto-Convocatoria-2025.pdf\" class=\"wp-block-file__button wp-element-button\" download aria-describedby=\"wp-block-file--media-271e72fb-3acc-4507-b9fe-f99ecf240fb8\">Descarga<\/a><\/div>\n\n\n\n<p><\/p>\n\n\n\n<p class=\"has-base-3-color has-text-color has-background\" style=\"background-color:#8b008b\"><strong>Anexo &#8211; Resoluci\u00f3n 2025-393-E-GDEMZA-CGES#DGE<\/strong><\/p>\n\n\n\n<div class=\"wp-block-file\"><object class=\"wp-block-file__embed\" data=\"https:\/\/superior-infd.mendoza.edu.ar\/sitio\/wp-content\/uploads\/2025\/11\/Anexo-Resolucion-No-393-DESUP-25-Concurso-titularizacion-de-horas-catedra-Nivel-Superior-2025.pdf\" type=\"application\/pdf\" style=\"width:100%;height:600px\" aria-label=\"Incrustado de Anexo-Resolucion-No-393-DESUP-25-Concurso-titularizacion-de-horas-catedra-Nivel-Superior-2025.\"><\/object><a id=\"wp-block-file--media-5f9ae188-b357-4b60-add6-493397542d73\" href=\"https:\/\/superior-infd.mendoza.edu.ar\/sitio\/wp-content\/uploads\/2025\/11\/Anexo-Resolucion-No-393-DESUP-25-Concurso-titularizacion-de-horas-catedra-Nivel-Superior-2025.pdf\">Anexo-Resolucion-No-393-DESUP-25-Concurso-titularizacion-de-horas-catedra-Nivel-Superior-2025<\/a><a href=\"https:\/\/superior-infd.mendoza.edu.ar\/sitio\/wp-content\/uploads\/2025\/11\/Anexo-Resolucion-No-393-DESUP-25-Concurso-titularizacion-de-horas-catedra-Nivel-Superior-2025.pdf\" class=\"wp-block-file__button wp-element-button\" download aria-describedby=\"wp-block-file--media-5f9ae188-b357-4b60-add6-493397542d73\">Descarga<\/a><\/div>\n","protected":false},"excerpt":{"rendered":"<p>Resoluci\u00f3n 2026-41-E-GDEMZA-CGES#DGE Referencia: Resoluci\u00f3n Procedimiento para el ofrecimiento de horas del concurso p\u00fablico y abierto de t\u00edtulos, antecedentes y oposici\u00f3n &#8211; Convocatoria 2025-2026. Anexo &#8211; Resoluci\u00f3n 2026-41-E-GDEMZA-CGES#DGE Resoluci\u00f3n 2026-37-E-GDEMZA-CGES#DGE Referencia: Resoluci\u00f3n Pr\u00f3rroga por v\u00eda de excepcionalidad, del funcionamiento del jurado de distintos agrupamientos Resoluci\u00f3n 2026-27-E-GDEMZA-CGES#DGE Referencia: Resoluci\u00f3n Nueva designaci\u00f3n de jurados agrupamientos de los concursos &#8230; <a title=\"Normativa concursos horas -TITULAR-\" class=\"read-more\" href=\"https:\/\/superior-infd.mendoza.edu.ar\/sitio\/normativa-concursos-horas-titular\/\" aria-label=\"More on Normativa concursos horas -TITULAR-\">[+]<\/a><\/p>\n","protected":false},"author":17680,"featured_media":0,"parent":0,"menu_order":0,"comment_status":"closed","ping_status":"closed","template":"","meta":[],"acf":[],"_links":{"self":[{"href":"https:\/\/superior-infd.mendoza.edu.ar\/sitio\/wp-json\/wp\/v2\/pages\/25787"}],"collection":[{"href":"https:\/\/superior-infd.mendoza.edu.ar\/sitio\/wp-json\/wp\/v2\/pages"}],"about":[{"href":"https:\/\/superior-infd.mendoza.edu.ar\/sitio\/wp-json\/wp\/v2\/types\/page"}],"author":[{"embeddable":true,"href":"https:\/\/superior-infd.mendoza.edu.ar\/sitio\/wp-json\/wp\/v2\/users\/17680"}],"replies":[{"embeddable":true,"href":"https:\/\/superior-infd.mendoza.edu.ar\/sitio\/wp-json\/wp\/v2\/comments?post=25787"}],"version-history":[{"count":11,"href":"https:\/\/superior-infd.mendoza.edu.ar\/sitio\/wp-json\/wp\/v2\/pages\/25787\/revisions"}],"predecessor-version":[{"id":26271,"href":"https:\/\/superior-infd.mendoza.edu.ar\/sitio\/wp-json\/wp\/v2\/pages\/25787\/revisions\/26271"}],"wp:attachment":[{"href":"https:\/\/superior-infd.mendoza.edu.ar\/sitio\/wp-json\/wp\/v2\/media?parent=25787"}],"curies":[{"name":"wp","href":"https:\/\/api.w.org\/{rel}","templated":true}]}}