{"id":25782,"date":"2025-11-13T14:25:54","date_gmt":"2025-11-13T17:25:54","guid":{"rendered":"https:\/\/superior-infd.mendoza.edu.ar\/sitio\/?page_id=25782"},"modified":"2026-03-27T15:18:09","modified_gmt":"2026-03-27T18:18:09","slug":"normativa-concursos-cargos-titular","status":"publish","type":"page","link":"https:\/\/superior-infd.mendoza.edu.ar\/sitio\/normativa-concursos-cargos-titular\/","title":{"rendered":"Normativa concursos cargos -TITULAR-"},"content":{"rendered":"\n<p class=\"has-base-3-color has-text-color has-background\" style=\"background-color:#b800b8\"><strong><strong><strong>Resoluci\u00f3n 2026-40-E-GDEMZA-CGES#DGE<\/strong><\/strong><\/strong><\/p>\n\n\n\n<p><strong>Referencia<\/strong>: Resoluci\u00f3n aprobatoria del orden de m\u00e9ritos y el procedimiento para el ofrecimiento de las vacantes del concurso p\u00fablico y abierto de t\u00edtulos, antecedentes y oposici\u00f3n cargos de Secretario y Bedel\/Preceptor en car\u00e1cter de titular en IES &#8211; 2025\/2026.<\/p>\n\n\n\n<div class=\"wp-block-file\"><object class=\"wp-block-file__embed\" data=\"https:\/\/superior-infd.mendoza.edu.ar\/sitio\/wp-content\/uploads\/2026\/03\/RS-2026-40-GDEMZA-CGES_DGE-Resol.-aprobatoria-orden-de-meritos-y-procedimiento-para-el-ofrecimiento-de-cargos-Concurso-cargos-secretario-bedel-y-preceptor.pdf\" type=\"application\/pdf\" style=\"width:100%;height:600px\" aria-label=\"Incrustado de RS-2026-40-GDEMZA-CGES_DGE - Resol. aprobatoria orden de m\u00e9ritos y procedimiento para el ofrecimiento de cargos - Concurso cargos secretario, bedel y preceptor.\"><\/object><a id=\"wp-block-file--media-5029c9b3-cac6-4a31-9df0-07a6ddf7047d\" href=\"https:\/\/superior-infd.mendoza.edu.ar\/sitio\/wp-content\/uploads\/2026\/03\/RS-2026-40-GDEMZA-CGES_DGE-Resol.-aprobatoria-orden-de-meritos-y-procedimiento-para-el-ofrecimiento-de-cargos-Concurso-cargos-secretario-bedel-y-preceptor.pdf\">RS-2026-40-GDEMZA-CGES_DGE &#8211; Resol. aprobatoria orden de m\u00e9ritos y procedimiento para el ofrecimiento de cargos &#8211; Concurso cargos secretario, bedel y preceptor<\/a><a href=\"https:\/\/superior-infd.mendoza.edu.ar\/sitio\/wp-content\/uploads\/2026\/03\/RS-2026-40-GDEMZA-CGES_DGE-Resol.-aprobatoria-orden-de-meritos-y-procedimiento-para-el-ofrecimiento-de-cargos-Concurso-cargos-secretario-bedel-y-preceptor.pdf\" class=\"wp-block-file__button wp-element-button\" download aria-describedby=\"wp-block-file--media-5029c9b3-cac6-4a31-9df0-07a6ddf7047d\">Descarga<\/a><\/div>\n\n\n\n<p class=\"has-base-3-color has-text-color has-background\" style=\"background-color:#b800b8\"><strong><strong><strong>Anexo &#8211; Resoluci\u00f3n 2026-40-E-GDEMZA-CGES#DGE<\/strong><\/strong><\/strong><\/p>\n\n\n\n<div class=\"wp-block-file\"><object class=\"wp-block-file__embed\" data=\"https:\/\/superior-infd.mendoza.edu.ar\/sitio\/wp-content\/uploads\/2026\/03\/ANEXO-Procedimiento-para-el-ofrecimiento-de-cargos-Concurso-publico-y-abierto-de-titulos-antecedentes-y-oposicion-para-la-cobertura-de-cargos-en-caracter-de-titular-2025-2026.pdf\" type=\"application\/pdf\" style=\"width:100%;height:600px\" aria-label=\"Incrustado de ANEXO - Procedimiento para el ofrecimiento de cargos - Concurso p\u00fablico y abierto de t\u00edtulos, antecedentes y oposici\u00f3n para la cobertura de cargos en caracter de titular 2025-2026.\"><\/object><a id=\"wp-block-file--media-71d9e850-49a6-4a63-94eb-05a917433e8a\" href=\"https:\/\/superior-infd.mendoza.edu.ar\/sitio\/wp-content\/uploads\/2026\/03\/ANEXO-Procedimiento-para-el-ofrecimiento-de-cargos-Concurso-publico-y-abierto-de-titulos-antecedentes-y-oposicion-para-la-cobertura-de-cargos-en-caracter-de-titular-2025-2026.pdf\">ANEXO &#8211; Procedimiento para el ofrecimiento de cargos &#8211; Concurso p\u00fablico y abierto de t\u00edtulos, antecedentes y oposici\u00f3n para la cobertura de cargos en caracter de titular 2025-2026<\/a><a href=\"https:\/\/superior-infd.mendoza.edu.ar\/sitio\/wp-content\/uploads\/2026\/03\/ANEXO-Procedimiento-para-el-ofrecimiento-de-cargos-Concurso-publico-y-abierto-de-titulos-antecedentes-y-oposicion-para-la-cobertura-de-cargos-en-caracter-de-titular-2025-2026.pdf\" class=\"wp-block-file__button wp-element-button\" download aria-describedby=\"wp-block-file--media-71d9e850-49a6-4a63-94eb-05a917433e8a\">Descarga<\/a><\/div>\n\n\n\n<p class=\"has-base-3-color has-text-color has-background\" style=\"background-color:#b800b8\"><strong><strong><strong>Resoluci\u00f3n 2026-27-E-GDEMZA-CGES#DGE<\/strong><\/strong><\/strong><\/p>\n\n\n\n<p><strong>Referencia<\/strong>: Resoluci\u00f3n Nueva designaci\u00f3n de jurados agrupamientos de los concursos p\u00fablicos y abiertos para la cobertura de horas c\u00e1tedra y cargos de Secretario y Bedel\/Preceptor en car\u00e1cter titular en IES de gesti\u00f3n estatal &#8211; Modificaci\u00f3n parcial del cronograma.<\/p>\n\n\n\n<div class=\"wp-block-file\"><object class=\"wp-block-file__embed\" data=\"https:\/\/superior-infd.mendoza.edu.ar\/sitio\/wp-content\/uploads\/2026\/03\/RS-2026-27-GDEMZA-CGES_DGE-RESOL.-NUEVA-DESIGNACION-JURADOS.pdf\" type=\"application\/pdf\" style=\"width:100%;height:600px\" aria-label=\"Incrustado de RS-2026-27-GDEMZA-CGES_DGE - RESOL. NUEVA DESIGNACI\u00d3N JURADOS.\"><\/object><a id=\"wp-block-file--media-5b8c965f-cff4-44de-a0f9-36ff391bf21b\" href=\"https:\/\/superior-infd.mendoza.edu.ar\/sitio\/wp-content\/uploads\/2026\/03\/RS-2026-27-GDEMZA-CGES_DGE-RESOL.-NUEVA-DESIGNACION-JURADOS.pdf\">RS-2026-27-GDEMZA-CGES_DGE &#8211; RESOL. NUEVA DESIGNACI\u00d3N JURADOS<\/a><a href=\"https:\/\/superior-infd.mendoza.edu.ar\/sitio\/wp-content\/uploads\/2026\/03\/RS-2026-27-GDEMZA-CGES_DGE-RESOL.-NUEVA-DESIGNACION-JURADOS.pdf\" class=\"wp-block-file__button wp-element-button\" download aria-describedby=\"wp-block-file--media-5b8c965f-cff4-44de-a0f9-36ff391bf21b\">Descarga<\/a><\/div>\n\n\n\n<p class=\"has-base-3-color has-text-color has-background\" style=\"background-color:#b800b8\"><strong><strong><strong>Resoluci\u00f3n 2026-25-E-GDEMZA-CGES#DGE<\/strong><\/strong><\/strong><\/p>\n\n\n\n<p><strong>Referencia<\/strong>: Resoluci\u00f3n nueva designaci\u00f3n jurados para agrupamientos de los concurso p\u00fablico y abierto det\u00edtulos, antecedentes y oposici\u00f3n para la cobertura de horas c\u00e1tedra y cargos de Secretario y Bedel\/Preceptor en car\u00e1cter titular IES gesti\u00f3n estatal.<\/p>\n\n\n\n<div class=\"wp-block-file\"><object class=\"wp-block-file__embed\" data=\"https:\/\/superior-infd.mendoza.edu.ar\/sitio\/wp-content\/uploads\/2026\/03\/RS-2026-25-GDEMZA-CGES_DGE.pdf\" type=\"application\/pdf\" style=\"width:100%;height:600px\" aria-label=\"Incrustado de RS-2026-25-GDEMZA-CGES_DGE.\"><\/object><a id=\"wp-block-file--media-31a1de57-9942-4156-8474-bd0c750d21d2\" href=\"https:\/\/superior-infd.mendoza.edu.ar\/sitio\/wp-content\/uploads\/2026\/03\/RS-2026-25-GDEMZA-CGES_DGE.pdf\">RS-2026-25-GDEMZA-CGES_DGE<\/a><a href=\"https:\/\/superior-infd.mendoza.edu.ar\/sitio\/wp-content\/uploads\/2026\/03\/RS-2026-25-GDEMZA-CGES_DGE.pdf\" class=\"wp-block-file__button wp-element-button\" download aria-describedby=\"wp-block-file--media-31a1de57-9942-4156-8474-bd0c750d21d2\">Descarga<\/a><\/div>\n\n\n\n<p class=\"has-base-3-color has-text-color has-background\" style=\"background-color:#b800b8\"><strong>Resoluci\u00f3n 2025-465-E-GDEMZA-CGES#DGE<\/strong><\/p>\n\n\n\n<p><strong>Referencia<\/strong>: Resoluci\u00f3n Designaci\u00f3n de jurado para el concurso p\u00fablico y abierto de t\u00edtulos, antecedentes y oposici\u00f3n para la cobertura de horas c\u00e1tedra y cargos de Secretario y Bedel\/Preceptor en car\u00e1cter de titular en IES de gesti\u00f3n estatal.<\/p>\n\n\n\n<div class=\"wp-block-file\"><object class=\"wp-block-file__embed\" data=\"https:\/\/superior-infd.mendoza.edu.ar\/sitio\/wp-content\/uploads\/2025\/12\/RS-2025-465-GDEMZA-CGES_DGE-Resol.-Designacion-de-jurado-para-el-concurso-cobertura-horas-y-cargos-en-caracter-de-titular-IES-gestion-estatal.pdf\" type=\"application\/pdf\" style=\"width:100%;height:600px\" aria-label=\"Incrustado de RS-2025-465-GDEMZA-CGES_DGE - Resol. Designaci\u00f3n de jurado para el concurso cobertura horas y cargos en car\u00e1cter de titular - IES gesti\u00f3n estatal.\"><\/object><a id=\"wp-block-file--media-1a67054c-b561-4dbd-bebb-9502ea21d1d8\" href=\"https:\/\/superior-infd.mendoza.edu.ar\/sitio\/wp-content\/uploads\/2025\/12\/RS-2025-465-GDEMZA-CGES_DGE-Resol.-Designacion-de-jurado-para-el-concurso-cobertura-horas-y-cargos-en-caracter-de-titular-IES-gestion-estatal.pdf\">RS-2025-465-GDEMZA-CGES_DGE &#8211; Resol. Designaci\u00f3n de jurado para el concurso cobertura horas y cargos en car\u00e1cter de titular &#8211; IES gesti\u00f3n estatal<\/a><a href=\"https:\/\/superior-infd.mendoza.edu.ar\/sitio\/wp-content\/uploads\/2025\/12\/RS-2025-465-GDEMZA-CGES_DGE-Resol.-Designacion-de-jurado-para-el-concurso-cobertura-horas-y-cargos-en-caracter-de-titular-IES-gestion-estatal.pdf\" class=\"wp-block-file__button wp-element-button\" download aria-describedby=\"wp-block-file--media-1a67054c-b561-4dbd-bebb-9502ea21d1d8\">Descarga<\/a><\/div>\n\n\n\n<p class=\"has-base-3-color has-text-color has-background\" style=\"background-color:#b800b8\"><strong>Anexo &#8211; Resoluci\u00f3n 2025-465-E-GDEMZA-CGES#DGE<\/strong><\/p>\n\n\n\n<div class=\"wp-block-file\"><object class=\"wp-block-file__embed\" data=\"https:\/\/superior-infd.mendoza.edu.ar\/sitio\/wp-content\/uploads\/2025\/12\/ANEXO-RS-2025-465-GDEMZA-CGES_DGE-Jurados-para-concurso-2025-2026.pdf\" type=\"application\/pdf\" style=\"width:100%;height:600px\" aria-label=\"Incrustado de ANEXO RS-2025-465-GDEMZA-CGES_DGE - Jurados para concurso 2025-2026.\"><\/object><a id=\"wp-block-file--media-bef9d378-9273-488f-bde0-c55b1fb5aa5b\" href=\"https:\/\/superior-infd.mendoza.edu.ar\/sitio\/wp-content\/uploads\/2025\/12\/ANEXO-RS-2025-465-GDEMZA-CGES_DGE-Jurados-para-concurso-2025-2026.pdf\">ANEXO RS-2025-465-GDEMZA-CGES_DGE &#8211; Jurados para concurso 2025-2026<\/a><a href=\"https:\/\/superior-infd.mendoza.edu.ar\/sitio\/wp-content\/uploads\/2025\/12\/ANEXO-RS-2025-465-GDEMZA-CGES_DGE-Jurados-para-concurso-2025-2026.pdf\" class=\"wp-block-file__button wp-element-button\" download aria-describedby=\"wp-block-file--media-bef9d378-9273-488f-bde0-c55b1fb5aa5b\">Descarga<\/a><\/div>\n\n\n\n<hr class=\"wp-block-separator has-alpha-channel-opacity\"\/>\n\n\n\n<hr class=\"wp-block-separator has-alpha-channel-opacity\"\/>\n\n\n\n<p class=\"has-base-3-color has-text-color has-background\" style=\"background-color:#b800b8\"><strong>Resoluci\u00f3n 2025-391-E-GDEMZA-CGES#DGE<\/strong><\/p>\n\n\n\n<p><strong>Referencia<\/strong>: Resoluci\u00f3n aprobaci\u00f3n concurso p\u00fablico y abierto de t\u00edtulos, antecedentes y oposici\u00f3n para la titularizaci\u00f3n de cargos de Secretario y Bedel\/Preceptor en el Nivel Superior &#8211; Convocatoria 2025<\/p>\n\n\n\n<div class=\"wp-block-file\"><object class=\"wp-block-file__embed\" data=\"https:\/\/superior-infd.mendoza.edu.ar\/sitio\/wp-content\/uploads\/2025\/11\/RS-2025-391-GDEMZA-CGES_DGE-Resol-Aprobacion-Concurso-publico-y-abierto-de-titulos_-antecedentes-y-oposicion-cargos.pdf\" type=\"application\/pdf\" style=\"width:100%;height:600px\" aria-label=\"Incrustado de RS-2025-391-GDEMZA-CGES_DGE - Resol Aprobaci\u00f3n Concurso p\u00fablico y abierto de t\u00edtulos_ antecedentes y oposici\u00f3n cargos.\"><\/object><a id=\"wp-block-file--media-224c58e4-21d9-4f01-bc1e-dde402ca7961\" href=\"https:\/\/superior-infd.mendoza.edu.ar\/sitio\/wp-content\/uploads\/2025\/11\/RS-2025-391-GDEMZA-CGES_DGE-Resol-Aprobacion-Concurso-publico-y-abierto-de-titulos_-antecedentes-y-oposicion-cargos.pdf\">RS-2025-391-GDEMZA-CGES_DGE &#8211; Resol Aprobaci\u00f3n Concurso p\u00fablico y abierto de t\u00edtulos_ antecedentes y oposici\u00f3n cargos<\/a><a href=\"https:\/\/superior-infd.mendoza.edu.ar\/sitio\/wp-content\/uploads\/2025\/11\/RS-2025-391-GDEMZA-CGES_DGE-Resol-Aprobacion-Concurso-publico-y-abierto-de-titulos_-antecedentes-y-oposicion-cargos.pdf\" class=\"wp-block-file__button wp-element-button\" download aria-describedby=\"wp-block-file--media-224c58e4-21d9-4f01-bc1e-dde402ca7961\">Descarga<\/a><\/div>\n\n\n\n<p><\/p>\n\n\n\n<p class=\"has-base-3-color has-text-color has-background\" style=\"background-color:#b800b8\"><strong>Anexo &#8211; Resoluci\u00f3n 2025-391-E-GDEMZA-CGES#DGE<\/strong><\/p>\n\n\n\n<div class=\"wp-block-file\"><object class=\"wp-block-file__embed\" data=\"https:\/\/superior-infd.mendoza.edu.ar\/sitio\/wp-content\/uploads\/2025\/11\/Anexo-Resolucion-Concurso-de-cargos-Secretario_Bedel_Preceptor-2025.pdf\" type=\"application\/pdf\" style=\"width:100%;height:600px\" aria-label=\"Incrustado de Anexo Resolucion Concurso de cargos Secretario_Bedel_Preceptor - 2025.\"><\/object><a id=\"wp-block-file--media-995ee475-e46f-4c9e-9313-f645fa7c9a97\" href=\"https:\/\/superior-infd.mendoza.edu.ar\/sitio\/wp-content\/uploads\/2025\/11\/Anexo-Resolucion-Concurso-de-cargos-Secretario_Bedel_Preceptor-2025.pdf\">Anexo Resolucion Concurso de cargos Secretario_Bedel_Preceptor &#8211; 2025<\/a><a href=\"https:\/\/superior-infd.mendoza.edu.ar\/sitio\/wp-content\/uploads\/2025\/11\/Anexo-Resolucion-Concurso-de-cargos-Secretario_Bedel_Preceptor-2025.pdf\" class=\"wp-block-file__button wp-element-button\" download aria-describedby=\"wp-block-file--media-995ee475-e46f-4c9e-9313-f645fa7c9a97\">Descarga<\/a><\/div>\n","protected":false},"excerpt":{"rendered":"<p>Resoluci\u00f3n 2026-40-E-GDEMZA-CGES#DGE Referencia: Resoluci\u00f3n aprobatoria del orden de m\u00e9ritos y el procedimiento para el ofrecimiento de las vacantes del concurso p\u00fablico y abierto de t\u00edtulos, antecedentes y oposici\u00f3n cargos de Secretario y Bedel\/Preceptor en car\u00e1cter de titular en IES &#8211; 2025\/2026. Anexo &#8211; Resoluci\u00f3n 2026-40-E-GDEMZA-CGES#DGE Resoluci\u00f3n 2026-27-E-GDEMZA-CGES#DGE Referencia: Resoluci\u00f3n Nueva designaci\u00f3n de jurados agrupamientos de &#8230; <a title=\"Normativa concursos cargos -TITULAR-\" class=\"read-more\" href=\"https:\/\/superior-infd.mendoza.edu.ar\/sitio\/normativa-concursos-cargos-titular\/\" aria-label=\"More on Normativa concursos cargos -TITULAR-\">[+]<\/a><\/p>\n","protected":false},"author":17680,"featured_media":0,"parent":0,"menu_order":0,"comment_status":"closed","ping_status":"closed","template":"","meta":[],"acf":[],"_links":{"self":[{"href":"https:\/\/superior-infd.mendoza.edu.ar\/sitio\/wp-json\/wp\/v2\/pages\/25782"}],"collection":[{"href":"https:\/\/superior-infd.mendoza.edu.ar\/sitio\/wp-json\/wp\/v2\/pages"}],"about":[{"href":"https:\/\/superior-infd.mendoza.edu.ar\/sitio\/wp-json\/wp\/v2\/types\/page"}],"author":[{"embeddable":true,"href":"https:\/\/superior-infd.mendoza.edu.ar\/sitio\/wp-json\/wp\/v2\/users\/17680"}],"replies":[{"embeddable":true,"href":"https:\/\/superior-infd.mendoza.edu.ar\/sitio\/wp-json\/wp\/v2\/comments?post=25782"}],"version-history":[{"count":9,"href":"https:\/\/superior-infd.mendoza.edu.ar\/sitio\/wp-json\/wp\/v2\/pages\/25782\/revisions"}],"predecessor-version":[{"id":26275,"href":"https:\/\/superior-infd.mendoza.edu.ar\/sitio\/wp-json\/wp\/v2\/pages\/25782\/revisions\/26275"}],"wp:attachment":[{"href":"https:\/\/superior-infd.mendoza.edu.ar\/sitio\/wp-json\/wp\/v2\/media?parent=25782"}],"curies":[{"name":"wp","href":"https:\/\/api.w.org\/{rel}","templated":true}]}}