{"id":25411,"date":"2025-10-27T15:21:19","date_gmt":"2025-10-27T18:21:19","guid":{"rendered":"https:\/\/superior-infd.mendoza.edu.ar\/sitio\/?page_id=25411"},"modified":"2025-10-30T23:19:29","modified_gmt":"2025-10-31T02:19:29","slug":"instituciones","status":"publish","type":"page","link":"https:\/\/superior-infd.mendoza.edu.ar\/sitio\/instituciones\/","title":{"rendered":"Instituciones"},"content":{"rendered":"\n<p>Cronograma de actividades<\/p>\n\n\n\n<p>Sistema de Gesti\u00f3n Acad\u00e9mica y Administrativa<\/p>\n\n\n\n<p>Sistema \u00fanico de inscripci\u00f3n para suplencias<\/p>\n\n\n\n<p>Mapa de la oferta acad\u00e9mica<\/p>\n\n\n\n<p>Procesos electorales<\/p>\n\n\n\n<p>Gesti\u00f3n financiera<\/p>\n","protected":false},"excerpt":{"rendered":"<p>Cronograma de actividades Sistema de Gesti\u00f3n Acad\u00e9mica y Administrativa Sistema \u00fanico de inscripci\u00f3n para suplencias Mapa de la oferta acad\u00e9mica Procesos electorales Gesti\u00f3n financiera<\/p>\n","protected":false},"author":17680,"featured_media":0,"parent":0,"menu_order":0,"comment_status":"closed","ping_status":"closed","template":"","meta":[],"acf":[],"_links":{"self":[{"href":"https:\/\/superior-infd.mendoza.edu.ar\/sitio\/wp-json\/wp\/v2\/pages\/25411"}],"collection":[{"href":"https:\/\/superior-infd.mendoza.edu.ar\/sitio\/wp-json\/wp\/v2\/pages"}],"about":[{"href":"https:\/\/superior-infd.mendoza.edu.ar\/sitio\/wp-json\/wp\/v2\/types\/page"}],"author":[{"embeddable":true,"href":"https:\/\/superior-infd.mendoza.edu.ar\/sitio\/wp-json\/wp\/v2\/users\/17680"}],"replies":[{"embeddable":true,"href":"https:\/\/superior-infd.mendoza.edu.ar\/sitio\/wp-json\/wp\/v2\/comments?post=25411"}],"version-history":[{"count":4,"href":"https:\/\/superior-infd.mendoza.edu.ar\/sitio\/wp-json\/wp\/v2\/pages\/25411\/revisions"}],"predecessor-version":[{"id":25565,"href":"https:\/\/superior-infd.mendoza.edu.ar\/sitio\/wp-json\/wp\/v2\/pages\/25411\/revisions\/25565"}],"wp:attachment":[{"href":"https:\/\/superior-infd.mendoza.edu.ar\/sitio\/wp-json\/wp\/v2\/media?parent=25411"}],"curies":[{"name":"wp","href":"https:\/\/api.w.org\/{rel}","templated":true}]}}