{"id":16250,"date":"2020-11-18T17:30:21","date_gmt":"2020-11-18T20:30:21","guid":{"rendered":"https:\/\/superior-infd.mendoza.edu.ar\/sitio\/?page_id=16250"},"modified":"2023-06-14T20:00:56","modified_gmt":"2023-06-14T23:00:56","slug":"narrativas-2","status":"publish","type":"page","link":"https:\/\/superior-infd.mendoza.edu.ar\/sitio\/narrativas-2\/","title":{"rendered":"Narrativas"},"content":{"rendered":"<p><a href=\"https:\/\/superior-infd.mendoza.edu.ar\/sitio\/educaccion\/\"><img decoding=\"async\" loading=\"lazy\" class=\"alignnone size-medium wp-image-14992\" src=\"https:\/\/superior-infd.mendoza.edu.ar\/sitio\/wp-content\/uploads\/2020\/10\/banner-educaccion-1000x273.jpg\" alt=\"\" width=\"1000\" height=\"273\" srcset=\"https:\/\/superior-infd.mendoza.edu.ar\/sitio\/wp-content\/uploads\/2020\/10\/banner-educaccion-1000x273.jpg 1000w, https:\/\/superior-infd.mendoza.edu.ar\/sitio\/wp-content\/uploads\/2020\/10\/banner-educaccion-768x210.jpg 768w, https:\/\/superior-infd.mendoza.edu.ar\/sitio\/wp-content\/uploads\/2020\/10\/banner-educaccion-620x169.jpg 620w, https:\/\/superior-infd.mendoza.edu.ar\/sitio\/wp-content\/uploads\/2020\/10\/banner-educaccion-400x109.jpg 400w, https:\/\/superior-infd.mendoza.edu.ar\/sitio\/wp-content\/uploads\/2020\/10\/banner-educaccion.jpg 1099w\" sizes=\"(max-width: 1000px) 100vw, 1000px\" \/><\/a><\/p>\n<p class=\"elementor-image-box-description\"><div  class=\"lgc-column lgc-grid-parent lgc-grid-50 lgc-tablet-grid-50 lgc-mobile-grid-100 lgc-equal-heights \"><div  class=\"inside-grid-column\"><img decoding=\"async\" loading=\"lazy\" class=\"alignnone wp-image-16187\" src=\"https:\/\/superior-infd.mendoza.edu.ar\/sitio\/wp-content\/uploads\/2020\/11\/NARRATIVAS-350-x-350.png\" alt=\"\" width=\"250\" height=\"250\" \/><\/div><\/div><div  class=\"lgc-column lgc-grid-parent lgc-grid-50 lgc-tablet-grid-50 lgc-mobile-grid-100 lgc-equal-heights \"><div  class=\"inside-grid-column\"> <a href=\"https:\/\/www.mendoza.edu.ar\/wp-content\/uploads\/2023\/05\/librocontarlaexperiencia_narrativapedagogicas.pdf\" target=\"_blank\" rel=\"noopener\"><img decoding=\"async\" loading=\"lazy\" class=\"alignleft wp-image-21401 size-full\" src=\"https:\/\/superior-infd.mendoza.edu.ar\/sitio\/wp-content\/uploads\/2023\/06\/contar-la-experiencia-210x300-1.png\" alt=\"\" width=\"210\" height=\"300\" \/><\/a><a href=\"https:\/\/www.mendoza.edu.ar\/wp-content\/uploads\/2023\/05\/librocontarlaexperiencia_narrativapedagogicas.pdf\" target=\"_blank\" rel=\"noopener\"><img decoding=\"async\" loading=\"lazy\" class=\"alignnone wp-image-4211\" src=\"https:\/\/superior-infd.mendoza.edu.ar\/sitio\/wp-content\/uploads\/2018\/08\/PDFICON.png\" alt=\"\" width=\"25\" height=\"25\" \/><\/a> <strong><a href=\"https:\/\/www.mendoza.edu.ar\/wp-content\/uploads\/2023\/05\/librocontarlaexperiencia_narrativapedagogicas.pdf\" target=\"_blank\" rel=\"noopener\">Contar la experiencia. Narrativas pedag\u00f3gicas en contexto de formaci\u00f3n docente\u00a0<\/a><\/strong>Compilaci\u00f3n de Paula Ripamonti; Alicia Boggia. 1a edici\u00f3n Direcci\u00f3n General de Escuelas de Mendoza, 2023<strong>.<\/strong>\n<hr \/>\n<div  class=\"lgc-column lgc-grid-parent lgc-grid-15 lgc-tablet-grid-15 lgc-mobile-grid-15 lgc-equal-heights \"><div  class=\"inside-grid-column\"><\/div><\/div><a href=\"https:\/\/superior-infd.mendoza.edu.ar\/sitio\/informes-institucionales\/\"><img decoding=\"async\" loading=\"lazy\" class=\"alignnone size-full wp-image-16178\" src=\"https:\/\/superior-infd.mendoza.edu.ar\/sitio\/wp-content\/uploads\/2020\/11\/informes-institucionales-boton.png\" alt=\"\" width=\"150\" height=\"43\" \/><\/a><\/div><\/div>\n<div  class=\"lgc-column lgc-grid-parent lgc-grid-15 lgc-tablet-grid-15 lgc-mobile-grid-15 lgc-equal-heights \"><div  class=\"inside-grid-column\"><a href=\"https:\/\/superior-infd.mendoza.edu.ar\/sitio\/?page_id=16216&amp;preview=true\"><img decoding=\"async\" loading=\"lazy\" class=\"alignnone size-full wp-image-16177\" src=\"https:\/\/superior-infd.mendoza.edu.ar\/sitio\/wp-content\/uploads\/2020\/11\/entrevista-boton.png\" alt=\"\" width=\"150\" height=\"43\" \/><\/a><\/div><\/div>\n<div  class=\"lgc-column lgc-grid-parent lgc-grid-15 lgc-tablet-grid-15 lgc-mobile-grid-15 lgc-equal-heights \"><div  class=\"inside-grid-column\"><a href=\"https:\/\/superior-infd.mendoza.edu.ar\/sitio\/resenas-de-libros\/\"><img decoding=\"async\" loading=\"lazy\" class=\"alignnone size-full wp-image-16176\" src=\"https:\/\/superior-infd.mendoza.edu.ar\/sitio\/wp-content\/uploads\/2020\/11\/rese\u00f1a-boton.png\" alt=\"\" width=\"150\" height=\"43\" \/><\/a><\/div><\/div>\n<div  class=\"lgc-column lgc-grid-parent lgc-grid-15 lgc-tablet-grid-15 lgc-mobile-grid-15 lgc-equal-heights \"><div  class=\"inside-grid-column\"><a href=\"https:\/\/superior-infd.mendoza.edu.ar\/sitio\/?page_id=16223&amp;preview=true\"><img decoding=\"async\" loading=\"lazy\" class=\"alignnone size-full wp-image-16175\" src=\"https:\/\/superior-infd.mendoza.edu.ar\/sitio\/wp-content\/uploads\/2020\/11\/reportes-2-boton.png\" alt=\"\" width=\"150\" height=\"43\" \/><\/a><\/div><\/div>\n<div  class=\"lgc-column lgc-grid-parent lgc-grid-15 lgc-tablet-grid-15 lgc-mobile-grid-15 lgc-equal-heights \"><div  class=\"inside-grid-column\"><a href=\"https:\/\/superior-infd.mendoza.edu.ar\/sitio\/?page_id=16239&amp;preview=true\"><img decoding=\"async\" loading=\"lazy\" class=\"alignnone size-full wp-image-16174\" src=\"https:\/\/superior-infd.mendoza.edu.ar\/sitio\/wp-content\/uploads\/2020\/11\/poster-boton.png\" alt=\"\" width=\"150\" height=\"43\" \/><\/a><\/div><\/div>\n<div  class=\"lgc-column lgc-grid-parent lgc-grid-15 lgc-tablet-grid-15 lgc-mobile-grid-15 lgc-equal-heights \"><div  class=\"inside-grid-column\"><a href=\"https:\/\/superior-infd.mendoza.edu.ar\/sitio\/?page_id=16250&amp;preview=true\"><img decoding=\"async\" loading=\"lazy\" class=\"alignnone size-full wp-image-16173\" src=\"https:\/\/superior-infd.mendoza.edu.ar\/sitio\/wp-content\/uploads\/2020\/11\/narrativas-boton.png\" alt=\"\" width=\"150\" height=\"43\" \/><\/a><\/div><\/div><div class=\"lgc-clear\"><\/div>\n","protected":false},"excerpt":{"rendered":"","protected":false},"author":1090,"featured_media":0,"parent":0,"menu_order":0,"comment_status":"closed","ping_status":"closed","template":"","meta":[],"acf":[],"_links":{"self":[{"href":"https:\/\/superior-infd.mendoza.edu.ar\/sitio\/wp-json\/wp\/v2\/pages\/16250"}],"collection":[{"href":"https:\/\/superior-infd.mendoza.edu.ar\/sitio\/wp-json\/wp\/v2\/pages"}],"about":[{"href":"https:\/\/superior-infd.mendoza.edu.ar\/sitio\/wp-json\/wp\/v2\/types\/page"}],"author":[{"embeddable":true,"href":"https:\/\/superior-infd.mendoza.edu.ar\/sitio\/wp-json\/wp\/v2\/users\/1090"}],"replies":[{"embeddable":true,"href":"https:\/\/superior-infd.mendoza.edu.ar\/sitio\/wp-json\/wp\/v2\/comments?post=16250"}],"version-history":[{"count":18,"href":"https:\/\/superior-infd.mendoza.edu.ar\/sitio\/wp-json\/wp\/v2\/pages\/16250\/revisions"}],"predecessor-version":[{"id":21408,"href":"https:\/\/superior-infd.mendoza.edu.ar\/sitio\/wp-json\/wp\/v2\/pages\/16250\/revisions\/21408"}],"wp:attachment":[{"href":"https:\/\/superior-infd.mendoza.edu.ar\/sitio\/wp-json\/wp\/v2\/media?parent=16250"}],"curies":[{"name":"wp","href":"https:\/\/api.w.org\/{rel}","templated":true}]}}