{"id":15747,"date":"2020-10-19T15:50:07","date_gmt":"2020-10-19T18:50:07","guid":{"rendered":"https:\/\/superior-infd.mendoza.edu.ar\/sitio\/?page_id=15747"},"modified":"2025-10-28T09:24:29","modified_gmt":"2025-10-28T12:24:29","slug":"politicas-educativas","status":"publish","type":"page","link":"https:\/\/superior-infd.mendoza.edu.ar\/sitio\/politicas-educativas\/","title":{"rendered":"Pol\u00edticas Estudiantiles"},"content":{"rendered":"\n<figure class=\"wp-block-image size-large\"><img decoding=\"async\" loading=\"lazy\" width=\"1900\" height=\"438\" src=\"https:\/\/superior-infd.mendoza.edu.ar\/sitio\/wp-content\/uploads\/2025\/10\/POLITICAS-1900x438.png\" alt=\"\" class=\"wp-image-25468\" srcset=\"https:\/\/superior-infd.mendoza.edu.ar\/sitio\/wp-content\/uploads\/2025\/10\/POLITICAS-1900x438.png 1900w, https:\/\/superior-infd.mendoza.edu.ar\/sitio\/wp-content\/uploads\/2025\/10\/POLITICAS-1000x231.png 1000w, https:\/\/superior-infd.mendoza.edu.ar\/sitio\/wp-content\/uploads\/2025\/10\/POLITICAS-768x177.png 768w, https:\/\/superior-infd.mendoza.edu.ar\/sitio\/wp-content\/uploads\/2025\/10\/POLITICAS-1536x354.png 1536w, https:\/\/superior-infd.mendoza.edu.ar\/sitio\/wp-content\/uploads\/2025\/10\/POLITICAS-2048x473.png 2048w\" sizes=\"(max-width: 1900px) 100vw, 1900px\" \/><\/figure>\n\n\n<h4>Las pol\u00edticas estudiantiles tienen como principal objetivo fortalecer el bienestar y desarrollo integral de los estudiantes dentro de las instituciones educativas. Las mismas se enfocan en medidas dise\u00f1adas para mejorar la calidad, la equidad y la pertinencia de la educaci\u00f3n, garantizando que los estudiantes puedan desarrollar su m\u00e1ximo potencial y contribuir a una sociedad m\u00e1s justa e inclusiva..<\/h4>\n<p>&nbsp;<\/p>\n<p style=\"text-align: center;\"><a style=\"float: left; margin: 0em 0 0; margin-top: 5px; margin-bottom: 5px; padding-left: 25px; width: 15%; height: 40px; background-color: #951b81; text-align: left; border-radius: 5px; font-family: sans-serif; font-size: 14px; color: #fff; text-decoration: none; line-height: 40px;\" href=\"https:\/\/superior-infd.mendoza.edu.ar\/sitio\/cipes\">&nbsp;CIPES<\/a><a style=\"float: left; margin: 2em 0 0; margin-top: 5px; margin-bottom: 5px; padding-left: 25px; width: 15%; height: 40px; background-color: #ffaf22; text-align: left; border-radius: 5px; font-family: sans-serif; font-size: 14px; color: #fff; text-decoration: none; line-height: 40px;\" href=\"https:\/\/superior-infd.mendoza.edu.ar\/sitio\/oferta-educativa-2024\/\">Oferta educativa<\/a><a style=\"float: left; margin: 2em 0 0; margin-top: 5px; margin-bottom: 5px; padding-left: 25px; width: 15%; height: 40px; background-color: #951b70; text-align: left; border-radius: 5px; font-family: sans-serif; font-size: 14px; color: #fff; text-decoration: none; line-height: 40px;\" href=\"https:\/\/superior-infd.mendoza.edu.ar\/sitio\/ciclo-de-encuentro-pre-congreso-apora-2020\/\">Videos institucionales<br><\/a><a style=\"float: left; margin: 2em 0 0; margin-top: 5px; margin-bottom: 5px; padding-left: 25px; width: 15%; height: 40px; background-color: #ffaf10; text-align: left; border-radius: 5px; font-family: sans-serif; font-size: 14px; color: #fff; text-decoration: none; line-height: 40px;\" href=\"https:\/\/superior-infd.mendoza.edu.ar\/sitio\/novedades\" rel=\"noopener\">Novedades<\/a><a style=\"float: left; margin: 2em 0 0; margin-top: 5px; margin-bottom: 5px; padding-left: 25px; width: 15%; height: 40px; background-color: #951b61; text-align: left; border-radius: 5px; font-family: sans-serif; font-size: 14px; color: #fff; text-decoration: none; line-height: 40px;\" href=\"https:\/\/superior-infd.mendoza.edu.ar\/sitio\/becas\" rel=\"noopener\">Becas<\/a><\/p>\n<div class=\"o9v6fnle cxmmr5t8 oygrvhab hcukyx3x c1et5uql\">\n<div dir=\"auto\">&nbsp;<\/div>\n<\/div>\n<div class=\"o9v6fnle cxmmr5t8 oygrvhab hcukyx3x c1et5uql\">\n<p>&nbsp;<\/p>\n<\/div>","protected":false},"excerpt":{"rendered":"<p>Las pol\u00edticas estudiantiles tienen como principal objetivo fortalecer el bienestar y desarrollo integral de los estudiantes dentro de las instituciones educativas. Las mismas se enfocan en medidas dise\u00f1adas para mejorar la calidad, la equidad y la pertinencia de la educaci\u00f3n, garantizando que los estudiantes puedan desarrollar su m\u00e1ximo potencial y contribuir a una sociedad m\u00e1s &#8230; <a title=\"Pol\u00edticas Estudiantiles\" class=\"read-more\" href=\"https:\/\/superior-infd.mendoza.edu.ar\/sitio\/politicas-educativas\/\" aria-label=\"More on Pol\u00edticas Estudiantiles\">[+]<\/a><\/p>\n","protected":false},"author":17680,"featured_media":0,"parent":0,"menu_order":0,"comment_status":"closed","ping_status":"closed","template":"","meta":[],"acf":[],"_links":{"self":[{"href":"https:\/\/superior-infd.mendoza.edu.ar\/sitio\/wp-json\/wp\/v2\/pages\/15747"}],"collection":[{"href":"https:\/\/superior-infd.mendoza.edu.ar\/sitio\/wp-json\/wp\/v2\/pages"}],"about":[{"href":"https:\/\/superior-infd.mendoza.edu.ar\/sitio\/wp-json\/wp\/v2\/types\/page"}],"author":[{"embeddable":true,"href":"https:\/\/superior-infd.mendoza.edu.ar\/sitio\/wp-json\/wp\/v2\/users\/17680"}],"replies":[{"embeddable":true,"href":"https:\/\/superior-infd.mendoza.edu.ar\/sitio\/wp-json\/wp\/v2\/comments?post=15747"}],"version-history":[{"count":100,"href":"https:\/\/superior-infd.mendoza.edu.ar\/sitio\/wp-json\/wp\/v2\/pages\/15747\/revisions"}],"predecessor-version":[{"id":25470,"href":"https:\/\/superior-infd.mendoza.edu.ar\/sitio\/wp-json\/wp\/v2\/pages\/15747\/revisions\/25470"}],"wp:attachment":[{"href":"https:\/\/superior-infd.mendoza.edu.ar\/sitio\/wp-json\/wp\/v2\/media?parent=15747"}],"curies":[{"name":"wp","href":"https:\/\/api.w.org\/{rel}","templated":true}]}}