{"id":15479,"date":"2020-10-08T15:57:40","date_gmt":"2020-10-08T18:57:40","guid":{"rendered":"https:\/\/des-infd.mendoza.edu.ar\/sitio\/?page_id=15479"},"modified":"2025-10-27T22:10:42","modified_gmt":"2025-10-28T01:10:42","slug":"como-publicar-en-educaccion","status":"publish","type":"page","link":"https:\/\/superior-infd.mendoza.edu.ar\/sitio\/como-publicar-en-educaccion\/","title":{"rendered":"\u00bfC\u00f3mo publicar en Educacci\u00f3n?"},"content":{"rendered":"<p><a href=\"https:\/\/superior-infd.mendoza.edu.ar\/sitio\/educaccion\/\"><img decoding=\"async\" loading=\"lazy\" class=\"size-medium wp-image-19777 alignnone\" src=\"https:\/\/superior-infd.mendoza.edu.ar\/sitio\/wp-content\/uploads\/2023\/02\/PORTADA-04-1000x275.png\" alt=\"\" width=\"1000\" height=\"275\" srcset=\"https:\/\/superior-infd.mendoza.edu.ar\/sitio\/wp-content\/uploads\/2023\/02\/PORTADA-04-1000x275.png 1000w, https:\/\/superior-infd.mendoza.edu.ar\/sitio\/wp-content\/uploads\/2023\/02\/PORTADA-04-1900x523.png 1900w, https:\/\/superior-infd.mendoza.edu.ar\/sitio\/wp-content\/uploads\/2023\/02\/PORTADA-04-768x211.png 768w, https:\/\/superior-infd.mendoza.edu.ar\/sitio\/wp-content\/uploads\/2023\/02\/PORTADA-04-1536x423.png 1536w, https:\/\/superior-infd.mendoza.edu.ar\/sitio\/wp-content\/uploads\/2023\/02\/PORTADA-04-2048x563.png 2048w\" sizes=\"(max-width: 1000px) 100vw, 1000px\" \/><\/a><a href=\"https:\/\/superior-infd.mendoza.edu.ar\/sitio\/como-publicar-en-educaccion\/\"><img decoding=\"async\" loading=\"lazy\" class=\"alignnone wp-image-18537\" src=\"https:\/\/superior-infd.mendoza.edu.ar\/sitio\/wp-content\/uploads\/2022\/05\/como-publicar.png\" alt=\"\" width=\"120\" height=\"24\" \/><\/a><a href=\"https:\/\/superior-infd.mendoza.edu.ar\/sitio\/wp-content\/uploads\/2020\/10\/Educaccio%CC%81n-Plantilla-para-trabajos-2020.docx\"><img decoding=\"async\" loading=\"lazy\" class=\"alignnone wp-image-18540\" src=\"https:\/\/superior-infd.mendoza.edu.ar\/sitio\/wp-content\/uploads\/2022\/05\/plantilla.png\" alt=\"\" width=\"120\" height=\"24\" \/><\/a><a href=\"https:\/\/superior-infd.mendoza.edu.ar\/sitio\/evaluacion-educaccion\/\"><img decoding=\"async\" loading=\"lazy\" class=\"alignnone wp-image-18539\" src=\"https:\/\/superior-infd.mendoza.edu.ar\/sitio\/wp-content\/uploads\/2022\/05\/evaluacion.png\" alt=\"\" width=\"120\" height=\"24\" \/><\/a><a href=\"https:\/\/superior-infd.mendoza.edu.ar\/sitio\/criterios-eticos\/\"><img decoding=\"async\" loading=\"lazy\" class=\"alignnone wp-image-18538\" src=\"https:\/\/superior-infd.mendoza.edu.ar\/sitio\/wp-content\/uploads\/2022\/05\/criterios-eticos.png\" alt=\"\" width=\"120\" height=\"24\" \/><\/a><a href=\"https:\/\/superior-infd.mendoza.edu.ar\/sitio\/publicaciones-educaccion\/\"><img decoding=\"async\" loading=\"lazy\" class=\"alignnone wp-image-18541\" src=\"https:\/\/superior-infd.mendoza.edu.ar\/sitio\/wp-content\/uploads\/2022\/05\/publicaciones.png\" alt=\"\" width=\"120\" height=\"24\" \/><\/a><a href=\"https:\/\/superior-infd.mendoza.edu.ar\/sitio\/revistas-ies\"><img decoding=\"async\" loading=\"lazy\" class=\"alignnone wp-image-18542\" src=\"https:\/\/superior-infd.mendoza.edu.ar\/sitio\/wp-content\/uploads\/2022\/05\/revistas-ies.png\" alt=\"\" width=\"120\" height=\"24\" \/><\/a><\/p>\n<p><strong><em>Educacci\u00f3n<\/em> <\/strong>es una revista de acceso abierto gestionada por la Direcci\u00f3n de Educaci\u00f3n Superior, dependiente de la Direcci\u00f3n General de Escuelas de la provincia de Mendoza (Argentina). El objetivo de <strong><em>Educacci\u00f3n <\/em><\/strong>es visibilizar y socializar el conocimiento producido por los institutos de educaci\u00f3n superior (IES) de la provincia de Mendoza pero acepta trabajos de investigadores\/as de otras instituciones nacionales o extranjeras. <strong><em>Educacci\u00f3n<\/em><\/strong> publica reportes de investigaci\u00f3n emp\u00edrica, informes institucionales, posters, entrevistas a actores clave del campo educativo, narrativas pedag\u00f3gicas y rese\u00f1as de libros que aborden temas educativos. <strong><em>Educacci\u00f3n<\/em><\/strong> prioriza las producciones orientadas a la transformaci\u00f3n de la pr\u00e1ctica educativa por sobre la discusi\u00f3n te\u00f3rica y promueve una relaci\u00f3n de interacci\u00f3n directa entre la producci\u00f3n de conocimiento y la pol\u00edtica p\u00fablica en educaci\u00f3n.<\/p>\n<h5>Si est\u00e1 interesado\/a en publicar en <em>Educacci\u00f3n<\/em>, considere las indicaciones para autores\/a y env\u00ede su trabajo a <a href=\"mailto:investigacion-superior@mendoza.edu.ar\">investigacion-superior@mendoza.edu.ar<\/a><\/h5>\n<h3><span style=\"color: #015763;\">Indicaciones para autores\/as<\/span><\/h3>\n<p>Los reportes de investigaci\u00f3n, las narrativas pedag\u00f3gicas y las rese\u00f1as de libros deben tener un m\u00e1ximo de cinco p\u00e1gina (sin considerar las usadas para referencias) y enviarse en la plantilla provista por la revista (<a href=\"https:\/\/superior-infd.mendoza.edu.ar\/sitio\/wp-content\/uploads\/2020\/10\/Educaccio\u0301n-Plantilla-para-trabajos-2020.docx\" target=\"_blank\" rel=\"noopener\">disponible aqu\u00ed<\/a>).<\/p>\n<p>Los posters deben enviarse en formato de imagen de alta calidad.<\/p>\n<p>Los reportes, las narrativas pedag\u00f3gicas y las rese\u00f1as, a diferencia de los art\u00edculos acad\u00e9micos convencionales, son documentos breves, por lo que se sugiere priorizar lo relevante. Para los\/as interesados\/as, puede consignarse, al final de la plantilla, un v\u00ednculo (<em>link<\/em>) al informe de investigaci\u00f3n completo.<\/p>\n<p>En los reportes, <em>Educacci\u00f3n <\/em>sugiere:<\/p>\n<p style=\"padding-left: 30px;\">i) presentar el problema de investigaci\u00f3n;<\/p>\n<p style=\"padding-left: 30px;\">ii) mencionar brevemente las teor\u00edas o conceptos de referencia en la comprensi\u00f3n del problema;<\/p>\n<p style=\"padding-left: 30px;\">iii) argumentar la relevancia (particularmente pr\u00e1ctica) de la investigaci\u00f3n;<\/p>\n<p style=\"padding-left: 30px;\">iv) presentar un esquema del modelo metodol\u00f3gico seguido y<\/p>\n<p style=\"padding-left: 30px;\">v) enunciar las principales conclusiones y discutirlas te\u00f3ricamente.<\/p>\n<p>Las rese\u00f1as, adem\u00e1s de la informaci\u00f3n b\u00e1sica de la obra rese\u00f1ada (autor\/a o autores\/as, a\u00f1o de publicaci\u00f3n, editorial, etc.), deben presentar su contenido y discutir cr\u00edticamente los aportes a la pr\u00e1ctica educativa.<\/p>\n<p>Para las narrativas pedag\u00f3gicas, <em>Educacci\u00f3n <\/em>sugiere que se incluyan, al menos, tres elementos: situaci\u00f3n problem\u00e1tica\/disparadora, diagn\u00f3stico institucional, acciones, resultados y conclusiones.<\/p>\n<p>Finalmente, <em>Educacci\u00f3n <\/em>sugiere que los posters contengan la informaci\u00f3n b\u00e1sica de la investigaci\u00f3n que ilustran, evitando la sobreinformaci\u00f3n y los elementos gr\u00e1ficos peque\u00f1os, y permitan una lectura simple e intuitiva de la investigaci\u00f3n realizada, sus resultados y sus aportes a la pr\u00e1ctica educativa.<\/p>\n<p>El editor y el comit\u00e9 editorial de <em>Educacci\u00f3n <\/em>valoran la prosa t\u00e9cnicamente precisa pero llana y accesible y el reconocimiento de la agencia en la producci\u00f3n de conocimiento (por lo que recomiendan evitar la voz pasiva y precisar, por ejemplo, qui\u00e9n hizo qu\u00e9 durante el proceso de investigaci\u00f3n).<\/p>\n<p>Adicionalmente, en reportes, narrativas y rese\u00f1as, podr\u00e1n usarse hasta tres niveles de subt\u00edtulos (1. <em>T\u00edtulo<\/em>, 1.1. <em>Subt\u00edtulo <\/em>1 y 1.1.1. <em>Subt\u00edtulo 2<\/em>). Las citas y referencias deben consignarse seg\u00fan los lineamientos propuestos por la American Psychological Association (APA) en la s\u00e9ptima edici\u00f3n de su manual de estilo (conocidos como \u00abnormas APA\u00bb). Deben hacerse tres salvedades:<\/p>\n<p style=\"padding-left: 30px;\">i) en las referencias, en lugar de iniciales, se usar\u00e1n los nombres de pila completos (P\u00e9rez, Juana en lugar de P\u00e9rez, J.);<\/p>\n<p style=\"padding-left: 30px;\">ii) en las citas en el texto, se sugiere usar, al menos la primera vez, los nombres de pila de los\/as autores\/as (\u00abJuana P\u00e9rez sostiene que [&#8230;]\u00bb) y<\/p>\n<p style=\"padding-left: 30px;\">iii) en el texto y en las referencias se usar\u00e1 el a\u00f1o de la edici\u00f3n original, en su idioma original\/el a\u00f1o de publicaci\u00f3n del material usado [Marx, Carlos (1867\/2005)].<\/p>\n<p>Los gr\u00e1ficos, im\u00e1genes y figuras deber\u00e1n ser de alta resoluci\u00f3n (.tiff o .png) e ir ubicados en su lugar correspondiente en el texto.<\/p>\n","protected":false},"excerpt":{"rendered":"<p>Educacci\u00f3n es una revista de acceso abierto gestionada por la Direcci\u00f3n de Educaci\u00f3n Superior, dependiente de la Direcci\u00f3n General de Escuelas de la provincia de Mendoza (Argentina). El objetivo de Educacci\u00f3n es visibilizar y socializar el conocimiento producido por los institutos de educaci\u00f3n superior (IES) de la provincia de Mendoza pero acepta trabajos de investigadores\/as &#8230; <a title=\"\u00bfC\u00f3mo publicar en Educacci\u00f3n?\" class=\"read-more\" href=\"https:\/\/superior-infd.mendoza.edu.ar\/sitio\/como-publicar-en-educaccion\/\" aria-label=\"More on \u00bfC\u00f3mo publicar en Educacci\u00f3n?\">[+]<\/a><\/p>\n","protected":false},"author":1090,"featured_media":0,"parent":0,"menu_order":0,"comment_status":"closed","ping_status":"closed","template":"","meta":[],"acf":[],"_links":{"self":[{"href":"https:\/\/superior-infd.mendoza.edu.ar\/sitio\/wp-json\/wp\/v2\/pages\/15479"}],"collection":[{"href":"https:\/\/superior-infd.mendoza.edu.ar\/sitio\/wp-json\/wp\/v2\/pages"}],"about":[{"href":"https:\/\/superior-infd.mendoza.edu.ar\/sitio\/wp-json\/wp\/v2\/types\/page"}],"author":[{"embeddable":true,"href":"https:\/\/superior-infd.mendoza.edu.ar\/sitio\/wp-json\/wp\/v2\/users\/1090"}],"replies":[{"embeddable":true,"href":"https:\/\/superior-infd.mendoza.edu.ar\/sitio\/wp-json\/wp\/v2\/comments?post=15479"}],"version-history":[{"count":36,"href":"https:\/\/superior-infd.mendoza.edu.ar\/sitio\/wp-json\/wp\/v2\/pages\/15479\/revisions"}],"predecessor-version":[{"id":25443,"href":"https:\/\/superior-infd.mendoza.edu.ar\/sitio\/wp-json\/wp\/v2\/pages\/15479\/revisions\/25443"}],"wp:attachment":[{"href":"https:\/\/superior-infd.mendoza.edu.ar\/sitio\/wp-json\/wp\/v2\/media?parent=15479"}],"curies":[{"name":"wp","href":"https:\/\/api.w.org\/{rel}","templated":true}]}}