{"id":15446,"date":"2020-10-08T11:45:32","date_gmt":"2020-10-08T14:45:32","guid":{"rendered":"https:\/\/des-infd.mendoza.edu.ar\/sitio\/?page_id=15446"},"modified":"2022-05-10T15:43:40","modified_gmt":"2022-05-10T18:43:40","slug":"normativa-nacional","status":"publish","type":"page","link":"https:\/\/superior-infd.mendoza.edu.ar\/sitio\/normativa-nacional\/","title":{"rendered":"Normativa Nacional"},"content":{"rendered":"<p><span style=\"color: #015763;\"><span style=\"color: #015763;\"><span style=\"color: #015763;\"><img decoding=\"async\" loading=\"lazy\" class=\"alignnone size-medium wp-image-15032\" src=\"https:\/\/superior-infd.mendoza.edu.ar\/sitio\/wp-content\/uploads\/2020\/10\/banner-normativa-1000x273.jpg\" alt=\"\" width=\"1000\" height=\"273\" srcset=\"https:\/\/superior-infd.mendoza.edu.ar\/sitio\/wp-content\/uploads\/2020\/10\/banner-normativa-1000x273.jpg 1000w, https:\/\/superior-infd.mendoza.edu.ar\/sitio\/wp-content\/uploads\/2020\/10\/banner-normativa-768x209.jpg 768w, https:\/\/superior-infd.mendoza.edu.ar\/sitio\/wp-content\/uploads\/2020\/10\/banner-normativa.jpg 1100w\" sizes=\"(max-width: 1000px) 100vw, 1000px\" \/><\/span><\/span><\/span><a style=\"float: left; margin: 2em 0 0; margin-top: 5px; margin-bottom: 5px; padding-left: 35px; width: 45%; height: 40px; background-color: #025064; text-align: center; border-radius: 2px; font-family: sans-serif; font-size: 18px; color: #fff; text-decoration: none; line-height: 40px;\" href=\"https:\/\/superior-infd.mendoza.edu.ar\/sitio\/normativa-nacional\/\">Normativa Nacional<\/a><a style=\"float: left; margin: 2em 0 0; margin-top: 5px; margin-bottom: 5px; padding-left: 35px; width: 45%; height: 40px; background-color: #01a2cb; text-align: center; border-radius: 2px; font-family: sans-serif; font-size: 18px; color: #fff; text-decoration: none; line-height: 40px;\" href=\"https:\/\/superior-infd.mendoza.edu.ar\/sitio\/normativa-provincial\/\"> Normativa Provincial<\/a><\/p>\n<p>&nbsp;<\/p>\n<h2>Normativa Nacional<\/h2>\n<style>.wp-show-posts-columns#wpsp-15443 {margin-left: -2em; }.wp-show-posts-columns#wpsp-15443 .wp-show-posts-inner {margin: 0 0 2em 2em; }<\/style><section id=\"wpsp-15443\" class=\" wp-show-posts-columns wp-show-posts\" style=\"\"><article class=\" wp-show-posts-single post-23550 post type-post status-publish format-standard has-post-thumbnail hentry category-normativa-nacional category-noticias category-noticias-de-ies category-noticias-de-la-cges wpsp-col-4\" itemtype=\"http:\/\/schema.org\/CreativeWork\" itemscope><div class=\"wp-show-posts-inner\" style=\"\">\t\t\t\t\t\t<header class=\"wp-show-posts-entry-header\">\n\t\t\t\t\t\t\t<h5 class=\"wp-show-posts-entry-title\" itemprop=\"headline\"><a href=\"https:\/\/superior-infd.mendoza.edu.ar\/sitio\/educacion-superior-entrego-1-623-mochilas-tecnicas-a-estudiantes-de-enfermeria\/\" rel=\"bookmark\">Educaci\u00f3n Superior entreg\u00f3 1.623 mochilas t\u00e9cnicas a estudiantes de Enfermer\u00eda<\/a><\/h5>\t\t\t\t\t\t<\/header><!-- .entry-header -->\n\t\t\t\t\t\t\t<div class=\"wp-show-posts-image  wpsp-image-center \">\n\t\t\t<a href=\"https:\/\/superior-infd.mendoza.edu.ar\/sitio\/educacion-superior-entrego-1-623-mochilas-tecnicas-a-estudiantes-de-enfermeria\/\"  title=\"Educaci\u00f3n Superior entreg\u00f3 1.623 mochilas t\u00e9cnicas a estudiantes de Enfermer\u00eda\"><img width=\"2560\" height=\"1707\" src=\"https:\/\/superior-infd.mendoza.edu.ar\/sitio\/wp-content\/uploads\/2023\/12\/1MA1_4521-scaled.jpg\" class=\"attachment-full size-full wp-post-image\" alt=\"\" decoding=\"async\" loading=\"lazy\" itemprop=\"image\" srcset=\"https:\/\/superior-infd.mendoza.edu.ar\/sitio\/wp-content\/uploads\/2023\/12\/1MA1_4521-scaled.jpg 2560w, https:\/\/superior-infd.mendoza.edu.ar\/sitio\/wp-content\/uploads\/2023\/12\/1MA1_4521-1000x667.jpg 1000w, https:\/\/superior-infd.mendoza.edu.ar\/sitio\/wp-content\/uploads\/2023\/12\/1MA1_4521-1900x1267.jpg 1900w, https:\/\/superior-infd.mendoza.edu.ar\/sitio\/wp-content\/uploads\/2023\/12\/1MA1_4521-768x512.jpg 768w, https:\/\/superior-infd.mendoza.edu.ar\/sitio\/wp-content\/uploads\/2023\/12\/1MA1_4521-1536x1024.jpg 1536w, https:\/\/superior-infd.mendoza.edu.ar\/sitio\/wp-content\/uploads\/2023\/12\/1MA1_4521-2048x1365.jpg 2048w\" sizes=\"(max-width: 2560px) 100vw, 2560px\" \/><\/a>\t\t<\/div>\n\t\t\t\t\t\t\t\t<div class=\"wp-show-posts-entry-summary\" itemprop=\"text\">\n\t\t\t\t\t\t\t<p>A trav\u00e9s del Programa Nacional&#8230;<\/p>\n\t\t\t\t\t\t<\/div><!-- .entry-summary -->\n\t\t\t\t\t<div class=\"wpsp-read-more\"><a title=\"Educaci\u00f3n Superior entreg\u00f3 1.623 mochilas t\u00e9cnicas a estudiantes de Enfermer\u00eda\" class=\"wp-show-posts-read-more\" href=\"https:\/\/superior-infd.mendoza.edu.ar\/sitio\/educacion-superior-entrego-1-623-mochilas-tecnicas-a-estudiantes-de-enfermeria\/\">Leer m\u00e1s<\/a><\/div><\/div><!-- wp-show-posts-inner --><\/article><article class=\" wp-show-posts-single post-16446 post type-post status-publish format-standard hentry category-normativa-nacional wpsp-col-4\" itemtype=\"http:\/\/schema.org\/CreativeWork\" itemscope><div class=\"wp-show-posts-inner\" style=\"\">\t\t\t\t\t\t<header class=\"wp-show-posts-entry-header\">\n\t\t\t\t\t\t\t<h5 class=\"wp-show-posts-entry-title\" itemprop=\"headline\"><a href=\"https:\/\/superior-infd.mendoza.edu.ar\/sitio\/res-387-cfe-2021-apertura-de-las-escuelas\/\" rel=\"bookmark\">Res. 387-CFE-2021- Apertura de las escuelas<\/a><\/h5>\t\t\t\t\t\t<\/header><!-- .entry-header -->\n\t\t\t\t\t\t\t\t\t\t\t<div class=\"wp-show-posts-entry-summary\" itemprop=\"text\">\n\t\t\t\t\t\t\t<p>LA 102\u00b0 ASAMBLEA DEL CONSEJO&#8230;<\/p>\n\t\t\t\t\t\t<\/div><!-- .entry-summary -->\n\t\t\t\t\t<div class=\"wpsp-read-more\"><a title=\"Res. 387-CFE-2021- Apertura de las escuelas\" class=\"wp-show-posts-read-more\" href=\"https:\/\/superior-infd.mendoza.edu.ar\/sitio\/res-387-cfe-2021-apertura-de-las-escuelas\/\">Leer m\u00e1s<\/a><\/div><\/div><!-- wp-show-posts-inner --><\/article><article class=\" wp-show-posts-single post-16432 post type-post status-publish format-standard hentry category-normativa-nacional wpsp-col-4\" itemtype=\"http:\/\/schema.org\/CreativeWork\" itemscope><div class=\"wp-show-posts-inner\" style=\"\">\t\t\t\t\t\t<header class=\"wp-show-posts-entry-header\">\n\t\t\t\t\t\t\t<h5 class=\"wp-show-posts-entry-title\" itemprop=\"headline\"><a href=\"https:\/\/superior-infd.mendoza.edu.ar\/sitio\/res-371-cfe-2020-anexo-i\/\" rel=\"bookmark\">Res. 371-CFE-2020 (Anexo I)<\/a><\/h5>\t\t\t\t\t\t<\/header><!-- .entry-header -->\n\t\t\t\t\t\t\t\t\t\t\t<div class=\"wp-show-posts-entry-summary\" itemprop=\"text\">\n\t\t\t\t\t\t\t<p>Aprueba el documento \u201cProtocolo espec\u00edfico&#8230;<\/p>\n\t\t\t\t\t\t<\/div><!-- .entry-summary -->\n\t\t\t\t\t<div class=\"wpsp-read-more\"><a title=\"Res. 371-CFE-2020 (Anexo I)\" class=\"wp-show-posts-read-more\" href=\"https:\/\/superior-infd.mendoza.edu.ar\/sitio\/res-371-cfe-2020-anexo-i\/\">Leer m\u00e1s<\/a><\/div><\/div><!-- wp-show-posts-inner --><\/article><article class=\" wp-show-posts-single post-16425 post type-post status-publish format-standard hentry category-normativa-nacional wpsp-col-4\" itemtype=\"http:\/\/schema.org\/CreativeWork\" itemscope><div class=\"wp-show-posts-inner\" style=\"\">\t\t\t\t\t\t<header class=\"wp-show-posts-entry-header\">\n\t\t\t\t\t\t\t<h5 class=\"wp-show-posts-entry-title\" itemprop=\"headline\"><a href=\"https:\/\/superior-infd.mendoza.edu.ar\/sitio\/res-372-cfe-2020\/\" rel=\"bookmark\">Res.372-CFE-2020 (Anexo I)<\/a><\/h5>\t\t\t\t\t\t<\/header><!-- .entry-header -->\n\t\t\t\t\t\t\t\t\t\t\t<div class=\"wp-show-posts-entry-summary\" itemprop=\"text\">\n\t\t\t\t\t\t\t<p>Protocolo marco espec\u00edfico para el&#8230;<\/p>\n\t\t\t\t\t\t<\/div><!-- .entry-summary -->\n\t\t\t\t\t<div class=\"wpsp-read-more\"><a title=\"Res.372-CFE-2020 (Anexo I)\" class=\"wp-show-posts-read-more\" href=\"https:\/\/superior-infd.mendoza.edu.ar\/sitio\/res-372-cfe-2020\/\">Leer m\u00e1s<\/a><\/div><\/div><!-- wp-show-posts-inner --><\/article><article class=\" wp-show-posts-single post-16398 post type-post status-publish format-standard hentry category-normativa-nacional wpsp-col-4\" itemtype=\"http:\/\/schema.org\/CreativeWork\" itemscope><div class=\"wp-show-posts-inner\" style=\"\">\t\t\t\t\t\t<header class=\"wp-show-posts-entry-header\">\n\t\t\t\t\t\t\t<h5 class=\"wp-show-posts-entry-title\" itemprop=\"headline\"><a href=\"https:\/\/superior-infd.mendoza.edu.ar\/sitio\/res-373-cfe-2020-anexo-i\/\" rel=\"bookmark\">Res. 373- CFE- 2020 (Anexo I)<\/a><\/h5>\t\t\t\t\t\t<\/header><!-- .entry-header -->\n\t\t\t\t\t\t\t\t\t\t\t<div class=\"wp-show-posts-entry-summary\" itemprop=\"text\">\n\t\t\t\t\t\t\t<p>Formaci\u00f3n docente- Lineamientos nacionales para&#8230;<\/p>\n\t\t\t\t\t\t<\/div><!-- .entry-summary -->\n\t\t\t\t\t<div class=\"wpsp-read-more\"><a title=\"Res. 373- CFE- 2020 (Anexo I)\" class=\"wp-show-posts-read-more\" href=\"https:\/\/superior-infd.mendoza.edu.ar\/sitio\/res-373-cfe-2020-anexo-i\/\">Leer m\u00e1s<\/a><\/div><\/div><!-- wp-show-posts-inner --><\/article><article class=\" wp-show-posts-single post-15500 post type-post status-publish format-standard hentry category-normativa-nacional wpsp-col-4\" itemtype=\"http:\/\/schema.org\/CreativeWork\" itemscope><div class=\"wp-show-posts-inner\" style=\"\">\t\t\t\t\t\t<header class=\"wp-show-posts-entry-header\">\n\t\t\t\t\t\t\t<h5 class=\"wp-show-posts-entry-title\" itemprop=\"headline\"><a href=\"https:\/\/superior-infd.mendoza.edu.ar\/sitio\/ley-micaela-27-499\/\" rel=\"bookmark\">Ley Micaela 27.499<\/a><\/h5>\t\t\t\t\t\t<\/header><!-- .entry-header -->\n\t\t\t\t\t\t\t\t\t\t\t<div class=\"wp-show-posts-entry-summary\" itemprop=\"text\">\n\t\t\t\t\t\t\t<p>Programa de Contenidos M\u00ednimos. establece&#8230;<\/p>\n\t\t\t\t\t\t<\/div><!-- .entry-summary -->\n\t\t\t\t\t<div class=\"wpsp-read-more\"><a title=\"Ley Micaela 27.499\" class=\"wp-show-posts-read-more\" href=\"https:\/\/superior-infd.mendoza.edu.ar\/sitio\/ley-micaela-27-499\/\">Leer m\u00e1s<\/a><\/div><\/div><!-- wp-show-posts-inner --><\/article><article class=\" wp-show-posts-single post-15502 post type-post status-publish format-standard hentry category-normativa-nacional wpsp-col-4\" itemtype=\"http:\/\/schema.org\/CreativeWork\" itemscope><div class=\"wp-show-posts-inner\" style=\"\">\t\t\t\t\t\t<header class=\"wp-show-posts-entry-header\">\n\t\t\t\t\t\t\t<h5 class=\"wp-show-posts-entry-title\" itemprop=\"headline\"><a href=\"https:\/\/superior-infd.mendoza.edu.ar\/sitio\/ley-26150-programa-de-educacion-sexual-integral\/\" rel=\"bookmark\">Ley 26150 Programa de Educaci\u00f3n Sexual Integral<\/a><\/h5>\t\t\t\t\t\t<\/header><!-- .entry-header -->\n\t\t\t\t\t\t\t\t\t\t\t<div class=\"wp-show-posts-entry-summary\" itemprop=\"text\">\n\t\t\t\t\t\t\t<p>Establ\u00e9cese que todos los educandos&#8230;<\/p>\n\t\t\t\t\t\t<\/div><!-- .entry-summary -->\n\t\t\t\t\t<div class=\"wpsp-read-more\"><a title=\"Ley 26150 Programa de Educaci\u00f3n Sexual Integral\" class=\"wp-show-posts-read-more\" href=\"https:\/\/superior-infd.mendoza.edu.ar\/sitio\/ley-26150-programa-de-educacion-sexual-integral\/\">Leer m\u00e1s<\/a><\/div><\/div><!-- wp-show-posts-inner --><\/article><article class=\" wp-show-posts-single post-15441 post type-post status-publish format-standard hentry category-normativa-nacional wpsp-col-4\" itemtype=\"http:\/\/schema.org\/CreativeWork\" itemscope><div class=\"wp-show-posts-inner\" style=\"\">\t\t\t\t\t\t<header class=\"wp-show-posts-entry-header\">\n\t\t\t\t\t\t\t<h5 class=\"wp-show-posts-entry-title\" itemprop=\"headline\"><a href=\"https:\/\/superior-infd.mendoza.edu.ar\/sitio\/resolucion-cfe-no-368-20\/\" rel=\"bookmark\">Resoluci\u00f3n CFE N\u00ba 368\/20<\/a><\/h5>\t\t\t\t\t\t<\/header><!-- .entry-header -->\n\t\t\t\t\t\t\t\t\t\t\t<div class=\"wp-show-posts-entry-summary\" itemprop=\"text\">\n\t\t\t\t\t\t\t<p>Criterios de evaluaci\u00f3n, acreditaci\u00f3n y&#8230;<\/p>\n\t\t\t\t\t\t<\/div><!-- .entry-summary -->\n\t\t\t\t\t<div class=\"wpsp-read-more\"><a title=\"Resoluci\u00f3n CFE N\u00ba 368\/20\" class=\"wp-show-posts-read-more\" href=\"https:\/\/superior-infd.mendoza.edu.ar\/sitio\/resolucion-cfe-no-368-20\/\">Leer m\u00e1s<\/a><\/div><\/div><!-- wp-show-posts-inner --><\/article><article class=\" wp-show-posts-single post-15438 post type-post status-publish format-standard hentry category-normativa-nacional wpsp-col-4\" itemtype=\"http:\/\/schema.org\/CreativeWork\" itemscope><div class=\"wp-show-posts-inner\" style=\"\">\t\t\t\t\t\t<header class=\"wp-show-posts-entry-header\">\n\t\t\t\t\t\t\t<h5 class=\"wp-show-posts-entry-title\" itemprop=\"headline\"><a href=\"https:\/\/superior-infd.mendoza.edu.ar\/sitio\/resolucion-cfe-no-366-20\/\" rel=\"bookmark\">Resoluci\u00f3n CFE N\u00ba 366\/20<\/a><\/h5>\t\t\t\t\t\t<\/header><!-- .entry-header -->\n\t\t\t\t\t\t\t\t\t\t\t<div class=\"wp-show-posts-entry-summary\" itemprop=\"text\">\n\t\t\t\t\t\t\t<p>Cumplimiento del Protocolo Marco y&#8230;<\/p>\n\t\t\t\t\t\t<\/div><!-- .entry-summary -->\n\t\t\t\t\t<div class=\"wpsp-read-more\"><a title=\"Resoluci\u00f3n CFE N\u00ba 366\/20\" class=\"wp-show-posts-read-more\" href=\"https:\/\/superior-infd.mendoza.edu.ar\/sitio\/resolucion-cfe-no-366-20\/\">Leer m\u00e1s<\/a><\/div><\/div><!-- wp-show-posts-inner --><\/article><article class=\" wp-show-posts-single post-15434 post type-post status-publish format-standard hentry category-normativa-nacional wpsp-col-4\" itemtype=\"http:\/\/schema.org\/CreativeWork\" itemscope><div class=\"wp-show-posts-inner\" style=\"\">\t\t\t\t\t\t<header class=\"wp-show-posts-entry-header\">\n\t\t\t\t\t\t\t<h5 class=\"wp-show-posts-entry-title\" itemprop=\"headline\"><a href=\"https:\/\/superior-infd.mendoza.edu.ar\/sitio\/resolucion-cfe-no-365-20\/\" rel=\"bookmark\">Resoluci\u00f3n CFE N\u00ba 365\/20<\/a><\/h5>\t\t\t\t\t\t<\/header><!-- .entry-header -->\n\t\t\t\t\t\t\t\t\t\t\t<div class=\"wp-show-posts-entry-summary\" itemprop=\"text\">\n\t\t\t\t\t\t\t<p>Propuestas educativas a distancia<\/p>\n\t\t\t\t\t\t<\/div><!-- .entry-summary -->\n\t\t\t\t\t<div class=\"wpsp-read-more\"><a title=\"Resoluci\u00f3n CFE N\u00ba 365\/20\" class=\"wp-show-posts-read-more\" href=\"https:\/\/superior-infd.mendoza.edu.ar\/sitio\/resolucion-cfe-no-365-20\/\">Leer m\u00e1s<\/a><\/div><\/div><!-- wp-show-posts-inner --><\/article><article class=\" wp-show-posts-single post-15432 post type-post status-publish format-standard hentry category-normativa-nacional wpsp-col-4\" itemtype=\"http:\/\/schema.org\/CreativeWork\" itemscope><div class=\"wp-show-posts-inner\" style=\"\">\t\t\t\t\t\t<header class=\"wp-show-posts-entry-header\">\n\t\t\t\t\t\t\t<h5 class=\"wp-show-posts-entry-title\" itemprop=\"headline\"><a href=\"https:\/\/superior-infd.mendoza.edu.ar\/sitio\/resolucion-cfe-no-364-20-retorno-a-clases-presenciales-protocolo\/\" rel=\"bookmark\">Resoluci\u00f3n CFE N\u00ba 364\/20 Retorno a clases presenciales. Protocolo<\/a><\/h5>\t\t\t\t\t\t<\/header><!-- .entry-header -->\n\t\t\t\t\t\t\t\t\t\t\t<div class=\"wp-show-posts-entry-summary\" itemprop=\"text\">\n\t\t\t\t\t\t\t<p>Retorno a clases presenciales en&#8230;<\/p>\n\t\t\t\t\t\t<\/div><!-- .entry-summary -->\n\t\t\t\t\t<div class=\"wpsp-read-more\"><a title=\"Resoluci\u00f3n CFE N\u00ba 364\/20 Retorno a clases presenciales. Protocolo\" class=\"wp-show-posts-read-more\" href=\"https:\/\/superior-infd.mendoza.edu.ar\/sitio\/resolucion-cfe-no-364-20-retorno-a-clases-presenciales-protocolo\/\">Leer m\u00e1s<\/a><\/div><\/div><!-- wp-show-posts-inner --><\/article><article class=\" wp-show-posts-single post-15430 post type-post status-publish format-standard hentry category-normativa-nacional wpsp-col-4\" itemtype=\"http:\/\/schema.org\/CreativeWork\" itemscope><div class=\"wp-show-posts-inner\" style=\"\">\t\t\t\t\t\t<header class=\"wp-show-posts-entry-header\">\n\t\t\t\t\t\t\t<h5 class=\"wp-show-posts-entry-title\" itemprop=\"headline\"><a href=\"https:\/\/superior-infd.mendoza.edu.ar\/sitio\/prorroga-progresar-fomento-educacion-superior-resolucion-144-20\/\" rel=\"bookmark\">Pr\u00f3rroga progresar &#8211; fomento educaci\u00f3n superior (Resoluci\u00f3n 144-20)<\/a><\/h5>\t\t\t\t\t\t<\/header><!-- .entry-header -->\n\t\t\t\t\t\t\t\t\t\t\t<div class=\"wp-show-posts-entry-summary\" itemprop=\"text\">\n\t\t\t\t\t\t\t<p>Pr\u00f3rroga del plazo para la&#8230;<\/p>\n\t\t\t\t\t\t<\/div><!-- .entry-summary -->\n\t\t\t\t\t<div class=\"wpsp-read-more\"><a title=\"Pr\u00f3rroga progresar &#8211; fomento educaci\u00f3n superior (Resoluci\u00f3n 144-20)\" class=\"wp-show-posts-read-more\" href=\"https:\/\/superior-infd.mendoza.edu.ar\/sitio\/prorroga-progresar-fomento-educacion-superior-resolucion-144-20\/\">Leer m\u00e1s<\/a><\/div><\/div><!-- wp-show-posts-inner --><\/article><article class=\" wp-show-posts-single post-15428 post type-post status-publish format-standard hentry category-normativa-nacional wpsp-col-4\" itemtype=\"http:\/\/schema.org\/CreativeWork\" itemscope><div class=\"wp-show-posts-inner\" style=\"\">\t\t\t\t\t\t<header class=\"wp-show-posts-entry-header\">\n\t\t\t\t\t\t\t<h5 class=\"wp-show-posts-entry-title\" itemprop=\"headline\"><a href=\"https:\/\/superior-infd.mendoza.edu.ar\/sitio\/covid-19-licencias-preventivas-pacovid-19-suspension-de-clases-presenciales-resolucion-108-20\/\" rel=\"bookmark\">COVID-19: Licencias preventivas paCOVID-19 Suspensi\u00f3n de clases presenciales (Resoluci\u00f3n 108-20)<\/a><\/h5>\t\t\t\t\t\t<\/header><!-- .entry-header -->\n\t\t\t\t\t\t\t\t\t\t\t<div class=\"wp-show-posts-entry-summary\" itemprop=\"text\">\n\t\t\t\t\t\t\t<p>Medidas frente al COVID-19 al&#8230;<\/p>\n\t\t\t\t\t\t<\/div><!-- .entry-summary -->\n\t\t\t\t\t<div class=\"wpsp-read-more\"><a title=\"COVID-19: Licencias preventivas paCOVID-19 Suspensi\u00f3n de clases presenciales (Resoluci\u00f3n 108-20)\" class=\"wp-show-posts-read-more\" href=\"https:\/\/superior-infd.mendoza.edu.ar\/sitio\/covid-19-licencias-preventivas-pacovid-19-suspension-de-clases-presenciales-resolucion-108-20\/\">Leer m\u00e1s<\/a><\/div><\/div><!-- wp-show-posts-inner --><\/article><article class=\" wp-show-posts-single post-15426 post type-post status-publish format-standard hentry category-normativa-nacional wpsp-col-4\" itemtype=\"http:\/\/schema.org\/CreativeWork\" itemscope><div class=\"wp-show-posts-inner\" style=\"\">\t\t\t\t\t\t<header class=\"wp-show-posts-entry-header\">\n\t\t\t\t\t\t\t<h5 class=\"wp-show-posts-entry-title\" itemprop=\"headline\"><a href=\"https:\/\/superior-infd.mendoza.edu.ar\/sitio\/becas-progresar-resolucion-70-20\/\" rel=\"bookmark\">Becas Progresar (Resoluci\u00f3n 70-20)<\/a><\/h5>\t\t\t\t\t\t<\/header><!-- .entry-header -->\n\t\t\t\t\t\t\t\t\t\t\t<div class=\"wp-show-posts-entry-summary\" itemprop=\"text\">\n\t\t\t\t\t\t\t<p>Becas Progresar 2020<\/p>\n\t\t\t\t\t\t<\/div><!-- .entry-summary -->\n\t\t\t\t\t<div class=\"wpsp-read-more\"><a title=\"Becas Progresar (Resoluci\u00f3n 70-20)\" class=\"wp-show-posts-read-more\" href=\"https:\/\/superior-infd.mendoza.edu.ar\/sitio\/becas-progresar-resolucion-70-20\/\">Leer m\u00e1s<\/a><\/div><\/div><!-- wp-show-posts-inner --><\/article><article class=\" wp-show-posts-single post-15424 post type-post status-publish format-standard hentry category-normativa-nacional wpsp-col-4\" itemtype=\"http:\/\/schema.org\/CreativeWork\" itemscope><div class=\"wp-show-posts-inner\" style=\"\">\t\t\t\t\t\t<header class=\"wp-show-posts-entry-header\">\n\t\t\t\t\t\t\t<h5 class=\"wp-show-posts-entry-title\" itemprop=\"headline\"><a href=\"https:\/\/superior-infd.mendoza.edu.ar\/sitio\/reconocimiento-de-estudios-extranjeros-nivel-secundario-resolucion-3356-19\/\" rel=\"bookmark\">Reconocimiento de estudios extranjeros Nivel Secundario (Resoluci\u00f3n 3356-19)<\/a><\/h5>\t\t\t\t\t\t<\/header><!-- .entry-header -->\n\t\t\t\t\t\t\t\t\t\t\t<div class=\"wp-show-posts-entry-summary\" itemprop=\"text\">\n\t\t\t\t\t\t\t<p>Reconocimiento de estudios extranjeros de&#8230;<\/p>\n\t\t\t\t\t\t<\/div><!-- .entry-summary -->\n\t\t\t\t\t<div class=\"wpsp-read-more\"><a title=\"Reconocimiento de estudios extranjeros Nivel Secundario (Resoluci\u00f3n 3356-19)\" class=\"wp-show-posts-read-more\" href=\"https:\/\/superior-infd.mendoza.edu.ar\/sitio\/reconocimiento-de-estudios-extranjeros-nivel-secundario-resolucion-3356-19\/\">Leer m\u00e1s<\/a><\/div><\/div><!-- wp-show-posts-inner --><\/article><div class=\"wpsp-clear\"><\/div><\/section><!-- .wp-show-posts --><div class=\"wpsp-load-more\"><span aria-current=\"page\" class=\"page-numbers current\">1<\/span>\n<a class=\"page-numbers\" href=\"https:\/\/superior-infd.mendoza.edu.ar\/sitio\/wp-json\/wp\/v2\/pages\/15446\/page\/2\/\">2<\/a>\n<a class=\"next page-numbers\" href=\"https:\/\/superior-infd.mendoza.edu.ar\/sitio\/wp-json\/wp\/v2\/pages\/15446\/page\/2\/\">Siguiente &rarr;<\/a><\/div>\n<h3><span style=\"color: #015763;\">Resoluciones Consejo Federal de Educaci\u00f3n<br \/>\n<\/span><\/h3>\n<h5><a href=\"https:\/\/cfe.educacion.gob.ar\/resoluciones\/\" target=\"_blank\" rel=\"noopener\">A\u00f1o 1989 a 2006<\/a><\/h5>\n<h5><a href=\"https:\/\/www.argentina.gob.ar\/consejofederaleducacion\/documentos\/resoluciones\" target=\"_blank\" rel=\"noopener\">A\u00f1o 2006 a la actualidad<\/a><\/h5>\n<h3><span style=\"color: #015763;\">Normativas nacionales. Organizaci\u00f3n tem\u00e1tica<br \/>\n<\/span><\/h3>\n<h5><a href=\"https:\/\/cedoc.infd.edu.ar\/organizacion-institucional-publicaciones\/\" target=\"_blank\" rel=\"noopener\">Organizaci\u00f3n Institucional<\/a><\/h5>\n<h5><a href=\"https:\/\/cedoc.infd.edu.ar\/politicas-de-formacion-docente-publicaciones\/\" target=\"_blank\" rel=\"noopener\">Pol\u00edticas de Formaci\u00f3n Docente<\/a><\/h5>\n<h5><a href=\"https:\/\/cedoc.infd.edu.ar\/validez-nacional-de-titulos-publicaciones\/\" target=\"_blank\" rel=\"noopener\"> Validez Nacional de t\u00edtulos<\/a><\/h5>\n<h5><a href=\"https:\/\/cedoc.infd.edu.ar\/normativa-formacion-inicial-publicaciones\/\" target=\"_blank\" rel=\"noopener\">Formaci\u00f3n Inicial<\/a><\/h5>\n<h5><a href=\"https:\/\/cedoc.infd.edu.ar\/normativa-formacion-continua\/\" target=\"_blank\" rel=\"noopener\"> Formaci\u00f3n Continua <\/a><\/h5>\n","protected":false},"excerpt":{"rendered":"<p>Normativa Nacional Normativa Provincial &nbsp; Normativa Nacional Resoluciones Consejo Federal de Educaci\u00f3n A\u00f1o 1989 a 2006 A\u00f1o 2006 a la actualidad Normativas nacionales. Organizaci\u00f3n tem\u00e1tica Organizaci\u00f3n Institucional Pol\u00edticas de Formaci\u00f3n Docente Validez Nacional de t\u00edtulos Formaci\u00f3n Inicial Formaci\u00f3n Continua<\/p>\n","protected":false},"author":1090,"featured_media":0,"parent":0,"menu_order":0,"comment_status":"closed","ping_status":"closed","template":"","meta":[],"acf":[],"_links":{"self":[{"href":"https:\/\/superior-infd.mendoza.edu.ar\/sitio\/wp-json\/wp\/v2\/pages\/15446"}],"collection":[{"href":"https:\/\/superior-infd.mendoza.edu.ar\/sitio\/wp-json\/wp\/v2\/pages"}],"about":[{"href":"https:\/\/superior-infd.mendoza.edu.ar\/sitio\/wp-json\/wp\/v2\/types\/page"}],"author":[{"embeddable":true,"href":"https:\/\/superior-infd.mendoza.edu.ar\/sitio\/wp-json\/wp\/v2\/users\/1090"}],"replies":[{"embeddable":true,"href":"https:\/\/superior-infd.mendoza.edu.ar\/sitio\/wp-json\/wp\/v2\/comments?post=15446"}],"version-history":[{"count":21,"href":"https:\/\/superior-infd.mendoza.edu.ar\/sitio\/wp-json\/wp\/v2\/pages\/15446\/revisions"}],"predecessor-version":[{"id":18434,"href":"https:\/\/superior-infd.mendoza.edu.ar\/sitio\/wp-json\/wp\/v2\/pages\/15446\/revisions\/18434"}],"wp:attachment":[{"href":"https:\/\/superior-infd.mendoza.edu.ar\/sitio\/wp-json\/wp\/v2\/media?parent=15446"}],"curies":[{"name":"wp","href":"https:\/\/api.w.org\/{rel}","templated":true}]}}