{"id":15134,"date":"2020-10-02T08:51:43","date_gmt":"2020-10-02T11:51:43","guid":{"rendered":"https:\/\/des-infd.mendoza.edu.ar\/sitio\/?page_id=15134"},"modified":"2020-11-18T10:12:19","modified_gmt":"2020-11-18T13:12:19","slug":"practicas-pedagogicas-que-inspiran","status":"publish","type":"page","link":"https:\/\/superior-infd.mendoza.edu.ar\/sitio\/practicas-pedagogicas-que-inspiran\/","title":{"rendered":"Pr\u00e1cticas Pedag\u00f3gicas que inspiran"},"content":{"rendered":"<p><img decoding=\"async\" loading=\"lazy\" class=\"alignleft wp-image-14990\" src=\"https:\/\/superior-infd.mendoza.edu.ar\/sitio\/wp-content\/uploads\/2020\/10\/banner-practicas.jpg\" alt=\"\" width=\"1000\" height=\"273\" srcset=\"https:\/\/superior-infd.mendoza.edu.ar\/sitio\/wp-content\/uploads\/2020\/10\/banner-practicas.jpg 1100w, https:\/\/superior-infd.mendoza.edu.ar\/sitio\/wp-content\/uploads\/2020\/10\/banner-practicas-1000x273.jpg 1000w, https:\/\/superior-infd.mendoza.edu.ar\/sitio\/wp-content\/uploads\/2020\/10\/banner-practicas-768x209.jpg 768w\" sizes=\"(max-width: 1000px) 100vw, 1000px\" \/><br \/>\n<a style=\"float: left; margin: 2em 0 0; margin-top: 5px; margin-bottom: 5px; padding-left: 30px; width: 20%; height: 40px; background-color: #012832; text-align: left; border-radius: 2px; font-family: sans-serif; font-size: 14px; color: #fff; text-decoration: none; line-height: 40px;\" href=\"https:\/\/superior-infd.mendoza.edu.ar\/sitio\/observatorio-de-practicas-educativas\/\"> Observatorio de Pr\u00e1cticas Ed.<\/a><a style=\"float: left; margin: 2em 0 0; margin-top: 5px; margin-bottom: 5px; padding-left: 30px; width: 20%; height: 40px; background-color: #003b4a; text-align: left; border-radius: 2px; font-family: sans-serif; font-size: 14px; color: #fff; text-decoration: none; line-height: 40px;\" href=\"https:\/\/superior-infd.mendoza.edu.ar\/sitio\/practicas-pedagogicas-inspiradoras\/\"> Pr\u00e1cticas que inspiran<\/a><a style=\"float: left; margin: 2em 0 0; margin-top: 5px; margin-bottom: 5px; padding-left: 30px; width: 20%; height: 40px; background-color: #025064; text-align: left; border-radius: 2px; font-family: sans-serif; font-size: 14px; color: #fff; text-decoration: none; line-height: 40px;\" href=\"https:\/\/superior-infd.mendoza.edu.ar\/sitio\/narrativas\/\"> Narrativas<\/a><a style=\"float: left; margin: 2em 0 0; margin-top: 5px; margin-bottom: 5px; padding-left: 30px; width: 20%; height: 40px; background-color: #01a2cb; text-align: left; border-radius: 2px; font-family: sans-serif; font-size: 14px; color: #fff; text-decoration: none; line-height: 40px;\" href=\"https:\/\/superior-infd.mendoza.edu.ar\/sitio\/webinar\/2\"> Webinar<\/a><\/p>\n<blockquote>\n<h3><span style=\"color: #015763;\"><b><i>\u00bfEn qu\u00e9 consiste esta propuesta?<\/i><\/b><\/span><\/h3>\n<p>A partir de las experiencias vividas durante la aplicaci\u00f3n de los proyectos, de la reflexi\u00f3n y la construcci\u00f3n de dispositivos metacognitivos, queremos construir un REPOSITORIO y un BANCO DE INSUMOS PEDAG\u00d3GICOS integrado por sus producciones personales e institucionales.<\/p><\/blockquote>\n<p>Hemos pensado en distintas formas de organizaci\u00f3n, que podemos consensuar entre todos: por \u00e1reas tem\u00e1ticas,\u00a0 por carrera o por formato prevalente (clase en plataforma virtual para un grupo clase, clase mod\u00e9lica con tem\u00e1ticas espec\u00edficas, microense\u00f1anza para peque\u00f1os grupos, apoyo individual para estudiantes con aprendizajes de baja intensidad en el sistema\u00a0 obligatorio).<\/p>\n<h3><span style=\"color: #015763;\"><b><i>\u00bfQui\u00e9nes pueden participar?<\/i><\/b><\/span><\/h3>\n<p>Todos los IFD que deseen compartir sus experiencias vinculadas con la aplicaci\u00f3n de los proyectos institucionales para las pr\u00e1cticas en tiempos de excepci\u00f3n.<\/p>\n<h3><span style=\"color: #015763;\"><b><i>\u00bfC\u00f3mo se puede participar?<\/i><\/b><\/span><\/h3>\n<p>A trav\u00e9s del formulario en el cual\u00a0 manifiesten la intenci\u00f3n de ser parte de esta propuestas con los datos de contacto del referente de la experiencia y expresen en qu\u00e9 \u00e1rea tem\u00e1tica o carrera est\u00e1 desarrollando la pr\u00e1ctica docente.<\/p>\n<form action=\"https:\/\/docs.google.com\/forms\/d\/e\/1FAIpQLSeG3PoEgyTazJm2QfqzEd0eR78PXfbXWH_7auT6Voh-vlTNUw\/viewform\"target=\"_blank\">\n    <input type=\"submit\" value=\"Formulario para enviar experiencias\" \/><br \/>\n<\/form>\n<\/p>\n<h3><span style=\"color: #015763;\"><b><i>\u00bfQu\u00e9 metodolog\u00eda proponemos?<\/i><\/b><\/span><\/h3>\n<div style=\"width: 100%;\">\n<div style=\"position: relative; padding-bottom: 50.00%; padding-top: 0; height: 0;\"><iframe loading=\"lazy\" style=\"position: absolute; top: 0; left: 0; width: 100%; height: 100%;\" src=\"https:\/\/view.genial.ly\/5f7c8e2d95c8ab0cfe8b7951\" width=\"800\" height=\"400\" frameborder=\"0\" scrolling=\"yes\" allowfullscreen=\"allowfullscreen\"><\/iframe><\/div>\n<\/div>\n<h3><span style=\"color: #015763;\"><strong>Compartimos las experiencias<\/strong><\/span><br \/>\n<style>.wp-show-posts-columns#wpsp-15247 {margin-left: -2em; }.wp-show-posts-columns#wpsp-15247 .wp-show-posts-inner {margin: 0 0 2em 2em; }<\/style><section id=\"wpsp-15247\" class=\" wp-show-posts-columns wp-show-posts\" style=\"\"><article class=\" wp-show-posts-single post-22173 post type-post status-publish format-standard has-post-thumbnail hentry category-noticias category-noticias-de-ies category-noticias-de-la-cges category-practicas-inspiradoras wpsp-col-4\" itemtype=\"http:\/\/schema.org\/CreativeWork\" itemscope><div class=\"wp-show-posts-inner\" style=\"\">\t\t<div class=\"wp-show-posts-image  wpsp-image-center \">\n\t\t\t<a href=\"https:\/\/superior-infd.mendoza.edu.ar\/sitio\/tejiendo-redes-el-proyecto-del-isfd-n9-001-que-llego-con-propuestas-recreativas-y-formativas-a-hogares-de-infancias-judicializadas\/\"  title=\"Tejiendo redes: el proyecto del ISFD N\u00b09-001 que lleg\u00f3 con propuestas recreativas y formativas a hogares de infancias judicializadas\">\t\t\t\t\t<img src=\"https:\/\/superior-infd.mendoza.edu.ar\/sitio\/wp-content\/uploads\/2023\/10\/d235d84a-0a09-4823-9747-df10580e7ed0-300x200.jpg\" alt=\"<strong><em>Tejiendo redes: el proyecto del ISFD N\u00b09-001 que lleg\u00f3 con propuestas recreativas y formativas a hogares de infancias judicializadas<\/em><\/strong>\" itemprop=\"image\" class=\"center\" \/>\n\t\t\t\t<\/a>\t\t<\/div>\n\t\t\t\t\t\t\t\t<header class=\"wp-show-posts-entry-header\">\n\t\t\t\t\t\t\t<h5 class=\"wp-show-posts-entry-title\" itemprop=\"headline\"><a href=\"https:\/\/superior-infd.mendoza.edu.ar\/sitio\/tejiendo-redes-el-proyecto-del-isfd-n9-001-que-llego-con-propuestas-recreativas-y-formativas-a-hogares-de-infancias-judicializadas\/\" rel=\"bookmark\"><strong><em>Tejiendo redes: el proyecto del ISFD N\u00b09-001 que lleg\u00f3 con propuestas recreativas y formativas a hogares de infancias judicializadas<\/em><\/strong><\/a><\/h5><div class=\"wp-show-posts-entry-meta wp-show-posts-entry-meta-below-title post-meta-inline\"><span class=\"wp-show-posts-posted-on wp-show-posts-meta\">\n\t\t\t\t\t<a href=\"https:\/\/superior-infd.mendoza.edu.ar\/sitio\/tejiendo-redes-el-proyecto-del-isfd-n9-001-que-llego-con-propuestas-recreativas-y-formativas-a-hogares-de-infancias-judicializadas\/\" title=\"7:45 am\" rel=\"bookmark\"><time class=\"wp-show-posts-entry-date published\" datetime=\"2023-10-10T07:45:39-03:00\" itemprop=\"datePublished\">10 octubre, 2023<\/time><time class=\"wp-show-posts-updated\" datetime=\"2023-10-10T07:45:40-03:00\" itemprop=\"dateModified\">10 octubre, 2023<\/time><\/a>\n\t\t\t\t<\/span><\/div>\t\t\t\t\t\t<\/header><!-- .entry-header -->\n\t\t\t\t\t<div class=\"wpsp-read-more\"><a title=\"Tejiendo redes: el proyecto del ISFD N\u00b09-001 que lleg\u00f3 con propuestas recreativas y formativas a hogares de infancias judicializadas\" class=\"wp-show-posts-read-more\" href=\"https:\/\/superior-infd.mendoza.edu.ar\/sitio\/tejiendo-redes-el-proyecto-del-isfd-n9-001-que-llego-con-propuestas-recreativas-y-formativas-a-hogares-de-infancias-judicializadas\/\">Leer m\u00e1s<\/a><\/div><\/div><!-- wp-show-posts-inner --><\/article><article class=\" wp-show-posts-single post-16337 post type-post status-publish format-standard has-post-thumbnail hentry category-practicas-inspiradoras wpsp-col-4\" itemtype=\"http:\/\/schema.org\/CreativeWork\" itemscope><div class=\"wp-show-posts-inner\" style=\"\">\t\t<div class=\"wp-show-posts-image  wpsp-image-center \">\n\t\t\t<a href=\"https:\/\/superior-infd.mendoza.edu.ar\/sitio\/ies-9-003-tendiendo-puentes-desde-la-virtualidad\/\"  title=\"IES 9-003: Tendiendo puentes desde la virtualidad\">\t\t\t\t\t<img src=\"https:\/\/superior-infd.mendoza.edu.ar\/sitio\/wp-content\/uploads\/2020\/12\/9003-300x200.gif\" alt=\"IES 9-003: Tendiendo puentes desde la virtualidad\" itemprop=\"image\" class=\"center\" \/>\n\t\t\t\t<\/a>\t\t<\/div>\n\t\t\t\t\t\t\t\t<header class=\"wp-show-posts-entry-header\">\n\t\t\t\t\t\t\t<h5 class=\"wp-show-posts-entry-title\" itemprop=\"headline\"><a href=\"https:\/\/superior-infd.mendoza.edu.ar\/sitio\/ies-9-003-tendiendo-puentes-desde-la-virtualidad\/\" rel=\"bookmark\">IES 9-003: Tendiendo puentes desde la virtualidad<\/a><\/h5><div class=\"wp-show-posts-entry-meta wp-show-posts-entry-meta-below-title post-meta-inline\"><span class=\"wp-show-posts-posted-on wp-show-posts-meta\">\n\t\t\t\t\t<a href=\"https:\/\/superior-infd.mendoza.edu.ar\/sitio\/ies-9-003-tendiendo-puentes-desde-la-virtualidad\/\" title=\"11:40 am\" rel=\"bookmark\"><time class=\"wp-show-posts-entry-date published\" datetime=\"2020-12-03T11:40:47-03:00\" itemprop=\"datePublished\">3 diciembre, 2020<\/time><time class=\"wp-show-posts-updated\" datetime=\"2020-12-09T12:17:27-03:00\" itemprop=\"dateModified\">9 diciembre, 2020<\/time><\/a>\n\t\t\t\t<\/span><\/div>\t\t\t\t\t\t<\/header><!-- .entry-header -->\n\t\t\t\t\t<div class=\"wpsp-read-more\"><a title=\"IES 9-003: Tendiendo puentes desde la virtualidad\" class=\"wp-show-posts-read-more\" href=\"https:\/\/superior-infd.mendoza.edu.ar\/sitio\/ies-9-003-tendiendo-puentes-desde-la-virtualidad\/\">Leer m\u00e1s<\/a><\/div><\/div><!-- wp-show-posts-inner --><\/article><article class=\" wp-show-posts-single post-16021 post type-post status-publish format-standard has-post-thumbnail hentry category-practicas-inspiradoras wpsp-col-4\" itemtype=\"http:\/\/schema.org\/CreativeWork\" itemscope><div class=\"wp-show-posts-inner\" style=\"\">\t\t<div class=\"wp-show-posts-image  wpsp-image-center \">\n\t\t\t<a href=\"https:\/\/superior-infd.mendoza.edu.ar\/sitio\/ies-9-028-en-un-contexto-tecnologico-el-valor-de-aprender-a-partir-de-la-naturaleza-en-la-ruralidad\/\"  title=\"IES 9-028: en un contexto tecnol\u00f3gico, el valor de aprender a partir de la naturaleza, en la ruralidad\">\t\t\t\t\t<img src=\"https:\/\/superior-infd.mendoza.edu.ar\/sitio\/wp-content\/uploads\/2020\/11\/WhatsApp-Image-2020-10-28-at-16.21.05-300x200.jpeg\" alt=\"IES 9-028: en un contexto tecnol\u00f3gico, el valor de aprender a partir de la naturaleza, en la ruralidad\" itemprop=\"image\" class=\"center\" \/>\n\t\t\t\t<\/a>\t\t<\/div>\n\t\t\t\t\t\t\t\t<header class=\"wp-show-posts-entry-header\">\n\t\t\t\t\t\t\t<h5 class=\"wp-show-posts-entry-title\" itemprop=\"headline\"><a href=\"https:\/\/superior-infd.mendoza.edu.ar\/sitio\/ies-9-028-en-un-contexto-tecnologico-el-valor-de-aprender-a-partir-de-la-naturaleza-en-la-ruralidad\/\" rel=\"bookmark\">IES 9-028: en un contexto tecnol\u00f3gico, el valor de aprender a partir de la naturaleza, en la ruralidad<\/a><\/h5><div class=\"wp-show-posts-entry-meta wp-show-posts-entry-meta-below-title post-meta-inline\"><span class=\"wp-show-posts-posted-on wp-show-posts-meta\">\n\t\t\t\t\t<a href=\"https:\/\/superior-infd.mendoza.edu.ar\/sitio\/ies-9-028-en-un-contexto-tecnologico-el-valor-de-aprender-a-partir-de-la-naturaleza-en-la-ruralidad\/\" title=\"3:01 pm\" rel=\"bookmark\"><time class=\"wp-show-posts-entry-date published\" datetime=\"2020-11-16T15:01:18-03:00\" itemprop=\"datePublished\">16 noviembre, 2020<\/time><time class=\"wp-show-posts-updated\" datetime=\"2020-11-17T09:27:04-03:00\" itemprop=\"dateModified\">17 noviembre, 2020<\/time><\/a>\n\t\t\t\t<\/span><\/div>\t\t\t\t\t\t<\/header><!-- .entry-header -->\n\t\t\t\t\t<div class=\"wpsp-read-more\"><a title=\"IES 9-028: en un contexto tecnol\u00f3gico, el valor de aprender a partir de la naturaleza, en la ruralidad\" class=\"wp-show-posts-read-more\" href=\"https:\/\/superior-infd.mendoza.edu.ar\/sitio\/ies-9-028-en-un-contexto-tecnologico-el-valor-de-aprender-a-partir-de-la-naturaleza-en-la-ruralidad\/\">Leer m\u00e1s<\/a><\/div><\/div><!-- wp-show-posts-inner --><\/article><article class=\" wp-show-posts-single post-16018 post type-post status-publish format-standard has-post-thumbnail hentry category-practicas-inspiradoras wpsp-col-4\" itemtype=\"http:\/\/schema.org\/CreativeWork\" itemscope><div class=\"wp-show-posts-inner\" style=\"\">\t\t<div class=\"wp-show-posts-image  wpsp-image-center \">\n\t\t\t<a href=\"https:\/\/superior-infd.mendoza.edu.ar\/sitio\/ifdyt-9-006-las-practicas-docentes-lugar-de-brujulas-y-vuelos\/\"  title=\"IFDyT 9-006: las pr\u00e1cticas docentes, lugar de br\u00fajulas y vuelos\">\t\t\t\t\t<img src=\"https:\/\/superior-infd.mendoza.edu.ar\/sitio\/wp-content\/uploads\/2020\/11\/MVC-564X-600x300-300x200.jpg\" alt=\"IFDyT 9-006: las pr\u00e1cticas docentes, lugar de br\u00fajulas y vuelos\" itemprop=\"image\" class=\"center\" \/>\n\t\t\t\t<\/a>\t\t<\/div>\n\t\t\t\t\t\t\t\t<header class=\"wp-show-posts-entry-header\">\n\t\t\t\t\t\t\t<h5 class=\"wp-show-posts-entry-title\" itemprop=\"headline\"><a href=\"https:\/\/superior-infd.mendoza.edu.ar\/sitio\/ifdyt-9-006-las-practicas-docentes-lugar-de-brujulas-y-vuelos\/\" rel=\"bookmark\">IFDyT 9-006: las pr\u00e1cticas docentes, lugar de br\u00fajulas y vuelos<\/a><\/h5><div class=\"wp-show-posts-entry-meta wp-show-posts-entry-meta-below-title post-meta-inline\"><span class=\"wp-show-posts-posted-on wp-show-posts-meta\">\n\t\t\t\t\t<a href=\"https:\/\/superior-infd.mendoza.edu.ar\/sitio\/ifdyt-9-006-las-practicas-docentes-lugar-de-brujulas-y-vuelos\/\" title=\"9:39 am\" rel=\"bookmark\"><time class=\"wp-show-posts-entry-date published\" datetime=\"2020-11-16T09:39:58-03:00\" itemprop=\"datePublished\">16 noviembre, 2020<\/time><time class=\"wp-show-posts-updated\" datetime=\"2020-11-17T09:28:21-03:00\" itemprop=\"dateModified\">17 noviembre, 2020<\/time><\/a>\n\t\t\t\t<\/span><\/div>\t\t\t\t\t\t<\/header><!-- .entry-header -->\n\t\t\t\t\t<div class=\"wpsp-read-more\"><a title=\"IFDyT 9-006: las pr\u00e1cticas docentes, lugar de br\u00fajulas y vuelos\" class=\"wp-show-posts-read-more\" href=\"https:\/\/superior-infd.mendoza.edu.ar\/sitio\/ifdyt-9-006-las-practicas-docentes-lugar-de-brujulas-y-vuelos\/\">Leer m\u00e1s<\/a><\/div><\/div><!-- wp-show-posts-inner --><\/article><article class=\" wp-show-posts-single post-15693 post type-post status-publish format-standard has-post-thumbnail hentry category-practicas-inspiradoras wpsp-col-4\" itemtype=\"http:\/\/schema.org\/CreativeWork\" itemscope><div class=\"wp-show-posts-inner\" style=\"\">\t\t<div class=\"wp-show-posts-image  wpsp-image-center \">\n\t\t\t<a href=\"https:\/\/superior-infd.mendoza.edu.ar\/sitio\/instituto-rodeo-del-medio-nuestro-modelo-triple-uno-y-doble-10\/\"  title=\"Instituto Rodeo del Medio: Nuestro modelo triple uno y doble 10\">\t\t\t\t\t<img src=\"https:\/\/superior-infd.mendoza.edu.ar\/sitio\/wp-content\/uploads\/2020\/10\/irm-instituto-300x200.jpg\" alt=\"Instituto Rodeo del Medio: Nuestro modelo triple uno y doble 10\" itemprop=\"image\" class=\"center\" \/>\n\t\t\t\t<\/a>\t\t<\/div>\n\t\t\t\t\t\t\t\t<header class=\"wp-show-posts-entry-header\">\n\t\t\t\t\t\t\t<h5 class=\"wp-show-posts-entry-title\" itemprop=\"headline\"><a href=\"https:\/\/superior-infd.mendoza.edu.ar\/sitio\/instituto-rodeo-del-medio-nuestro-modelo-triple-uno-y-doble-10\/\" rel=\"bookmark\">Instituto Rodeo del Medio: Nuestro modelo triple uno y doble 10<\/a><\/h5><div class=\"wp-show-posts-entry-meta wp-show-posts-entry-meta-below-title post-meta-inline\"><span class=\"wp-show-posts-posted-on wp-show-posts-meta\">\n\t\t\t\t\t<a href=\"https:\/\/superior-infd.mendoza.edu.ar\/sitio\/instituto-rodeo-del-medio-nuestro-modelo-triple-uno-y-doble-10\/\" title=\"8:07 am\" rel=\"bookmark\"><time class=\"wp-show-posts-entry-date published\" datetime=\"2020-10-16T08:07:07-03:00\" itemprop=\"datePublished\">16 octubre, 2020<\/time><time class=\"wp-show-posts-updated\" datetime=\"2020-11-17T09:29:23-03:00\" itemprop=\"dateModified\">17 noviembre, 2020<\/time><\/a>\n\t\t\t\t<\/span><\/div>\t\t\t\t\t\t<\/header><!-- .entry-header -->\n\t\t\t\t\t<div class=\"wpsp-read-more\"><a title=\"Instituto Rodeo del Medio: Nuestro modelo triple uno y doble 10\" class=\"wp-show-posts-read-more\" href=\"https:\/\/superior-infd.mendoza.edu.ar\/sitio\/instituto-rodeo-del-medio-nuestro-modelo-triple-uno-y-doble-10\/\">Leer m\u00e1s<\/a><\/div><\/div><!-- wp-show-posts-inner --><\/article><article class=\" wp-show-posts-single post-15249 post type-post status-publish format-standard has-post-thumbnail hentry category-practicas-inspiradoras wpsp-col-4\" itemtype=\"http:\/\/schema.org\/CreativeWork\" itemscope><div class=\"wp-show-posts-inner\" style=\"\">\t\t<div class=\"wp-show-posts-image  wpsp-image-center \">\n\t\t\t<a href=\"https:\/\/superior-infd.mendoza.edu.ar\/sitio\/las-practicas-practicas-profesionales-y-residencia-docente-en-pandemia\/\"  title=\"IPA: las pr\u00e1cticas profesionales y de residencia docente en pandemia\">\t\t\t\t\t<img src=\"https:\/\/superior-infd.mendoza.edu.ar\/sitio\/wp-content\/uploads\/2020\/10\/Experiencia_IPA01-300x200.jpg\" alt=\"IPA: las pr\u00e1cticas profesionales y de residencia docente en pandemia\" itemprop=\"image\" class=\"center\" \/>\n\t\t\t\t<\/a>\t\t<\/div>\n\t\t\t\t\t\t\t\t<header class=\"wp-show-posts-entry-header\">\n\t\t\t\t\t\t\t<h5 class=\"wp-show-posts-entry-title\" itemprop=\"headline\"><a href=\"https:\/\/superior-infd.mendoza.edu.ar\/sitio\/las-practicas-practicas-profesionales-y-residencia-docente-en-pandemia\/\" rel=\"bookmark\">IPA: las pr\u00e1cticas profesionales y de residencia docente en pandemia<\/a><\/h5><div class=\"wp-show-posts-entry-meta wp-show-posts-entry-meta-below-title post-meta-inline\"><span class=\"wp-show-posts-posted-on wp-show-posts-meta\">\n\t\t\t\t\t<a href=\"https:\/\/superior-infd.mendoza.edu.ar\/sitio\/las-practicas-practicas-profesionales-y-residencia-docente-en-pandemia\/\" title=\"11:50 am\" rel=\"bookmark\"><time class=\"wp-show-posts-entry-date published\" datetime=\"2020-10-06T11:50:28-03:00\" itemprop=\"datePublished\">6 octubre, 2020<\/time><time class=\"wp-show-posts-updated\" datetime=\"2020-11-17T09:32:32-03:00\" itemprop=\"dateModified\">17 noviembre, 2020<\/time><\/a>\n\t\t\t\t<\/span><\/div>\t\t\t\t\t\t<\/header><!-- .entry-header -->\n\t\t\t\t\t<div class=\"wpsp-read-more\"><a title=\"IPA: las pr\u00e1cticas profesionales y de residencia docente en pandemia\" class=\"wp-show-posts-read-more\" href=\"https:\/\/superior-infd.mendoza.edu.ar\/sitio\/las-practicas-practicas-profesionales-y-residencia-docente-en-pandemia\/\">Leer m\u00e1s<\/a><\/div><\/div><!-- wp-show-posts-inner --><\/article><div class=\"wpsp-clear\"><\/div><\/section><!-- .wp-show-posts --><\/h3>\n<form action=\"https:\/\/superior-infd.mendoza.edu.ar\/sitio\/practicas-pedagogicas-inspiradoras\/\">\n    <input type=\"submit\" value=\"Ver todas las pr\u00e1cticas inspiradoras\" \/><br \/>\n<\/form>\n<hr \/>\n<p><a style=\"float: left; margin: 10em 0 0; margin-top: 5px; margin-bottom: 5px; padding-left: 30px; width: 45%; height: 40px; background-color:   #eb984e ; text-align: center; border-radius: 4px; font-family: sans-serif; font-size: 16px; font-weight: bold; color:  #17202a ; text-decoration: none; line-height: 40px;\" href=\"https:\/\/superior-infd.mendoza.edu.ar\/sitio\/practicas-pedagogicas-que-inspiran\/\"> \u00bfQu\u00e9 son las pr\u00e1cticas que inspiran?<\/a> <a style=\"float: left; margin: 4em 0 0; margin-top: 5px; margin-bottom: 5px; padding-left: 30px; width: 45%; height: 40px; background-color:   #f8c471  ; text-align: center; border-radius: 4px; font-family: sans-serif; font-size: 16px; font-weight: bold;color:  #17202a ; text-decoration: none; line-height: 40px;\" href=\"https:\/\/docs.google.com\/forms\/d\/e\/1FAIpQLSeG3PoEgyTazJm2QfqzEd0eR78PXfbXWH_7auT6Voh-vlTNUw\/viewform\" target=\"\u201d_blank\u201d\"> Formulario de participaci\u00f3n<\/a><\/p>\n","protected":false},"excerpt":{"rendered":"<p>Observatorio de Pr\u00e1cticas Ed. Pr\u00e1cticas que inspiran Narrativas Webinar \u00bfEn qu\u00e9 consiste esta propuesta? A partir de las experiencias vividas durante la aplicaci\u00f3n de los proyectos, de la reflexi\u00f3n y la construcci\u00f3n de dispositivos metacognitivos, queremos construir un REPOSITORIO y un BANCO DE INSUMOS PEDAG\u00d3GICOS integrado por sus producciones personales e institucionales. Hemos pensado en &#8230; <a title=\"IPA: las pr\u00e1cticas profesionales y de residencia docente en pandemia\" class=\"read-more\" href=\"https:\/\/superior-infd.mendoza.edu.ar\/sitio\/las-practicas-practicas-profesionales-y-residencia-docente-en-pandemia\/\" aria-label=\"More on IPA: las pr\u00e1cticas profesionales y de residencia docente en pandemia\">[+]<\/a><\/p>\n","protected":false},"author":1090,"featured_media":15135,"parent":0,"menu_order":0,"comment_status":"closed","ping_status":"closed","template":"","meta":[],"acf":[],"_links":{"self":[{"href":"https:\/\/superior-infd.mendoza.edu.ar\/sitio\/wp-json\/wp\/v2\/pages\/15134"}],"collection":[{"href":"https:\/\/superior-infd.mendoza.edu.ar\/sitio\/wp-json\/wp\/v2\/pages"}],"about":[{"href":"https:\/\/superior-infd.mendoza.edu.ar\/sitio\/wp-json\/wp\/v2\/types\/page"}],"author":[{"embeddable":true,"href":"https:\/\/superior-infd.mendoza.edu.ar\/sitio\/wp-json\/wp\/v2\/users\/1090"}],"replies":[{"embeddable":true,"href":"https:\/\/superior-infd.mendoza.edu.ar\/sitio\/wp-json\/wp\/v2\/comments?post=15134"}],"version-history":[{"count":50,"href":"https:\/\/superior-infd.mendoza.edu.ar\/sitio\/wp-json\/wp\/v2\/pages\/15134\/revisions"}],"predecessor-version":[{"id":16080,"href":"https:\/\/superior-infd.mendoza.edu.ar\/sitio\/wp-json\/wp\/v2\/pages\/15134\/revisions\/16080"}],"wp:featuredmedia":[{"embeddable":true,"href":"https:\/\/superior-infd.mendoza.edu.ar\/sitio\/wp-json\/wp\/v2\/media\/15135"}],"wp:attachment":[{"href":"https:\/\/superior-infd.mendoza.edu.ar\/sitio\/wp-json\/wp\/v2\/media?parent=15134"}],"curies":[{"name":"wp","href":"https:\/\/api.w.org\/{rel}","templated":true}]}}