{"id":14052,"date":"2018-08-30T18:19:02","date_gmt":"2018-08-30T21:19:02","guid":{"rendered":"https:\/\/des-mza.infd.edu.ar\/sitio\/gestion-curricular-de-la-educacion-tecnico-profesional-de-nivel-superior\/"},"modified":"2018-08-30T18:19:02","modified_gmt":"2018-08-30T21:19:02","slug":"gestion-curricular-de-la-educacion-tecnico-profesional-de-nivel-superior","status":"publish","type":"page","link":"https:\/\/superior-infd.mendoza.edu.ar\/sitio\/gestion-curricular-de-la-educacion-tecnico-profesional-de-nivel-superior\/","title":{"rendered":"Gesti\u00f3n Curricular de la Educaci\u00f3n T\u00e9cnico Profesional de Nivel Superior"},"content":{"rendered":"<p class=\"Titulo_nota_interna\"><strong>Presentaci&oacute;n<\/strong><\/p>\n<address><span style=\"font-family: Verdana; font-size: 8pt; color: #993300;\"><em>Si analizamos las trayectorias educativas y laborales en la vida de las<\/em><\/span><\/address>\n<address class=\"Texto_notas\"><span style=\"font-size: 8pt; color: #993300;\"><em>personas, vemos que se desarrollan en distintos &aacute;mbitos, todos ellos<\/em><\/span><\/address>\n<address class=\"Texto_notas\"><span style=\"font-size: 8pt; color: #993300;\"><em>significativos para su presente y su futuro: su &aacute;mbito familiar, que<\/em><\/span><\/address>\n<address class=\"Texto_notas\"><span style=\"font-size: 8pt; color: #993300;\"><em>contribuye a definir posibilidades y estrategias, tanto en la familia de<\/em><\/span><\/address>\n<address class=\"Texto_notas\"><span style=\"font-size: 8pt; color: #993300;\"><em>origen como en la propia; el &aacute;mbito educativo, tanto en el sistema<\/em><\/span><\/address>\n<address class=\"Texto_notas\"><span style=\"font-size: 8pt; color: #993300;\"><em>educativo como en la formaci&oacute;n no sistem&aacute;tica; y el &aacute;mbito laboral, que le<\/em><\/span><\/address>\n<address class=\"Texto_notas\"><span style=\"font-size: 8pt; color: #993300;\"><em>permite una inserci&oacute;n social m&aacute;s amplia y signa su ubicaci&oacute;n en la sociedad<\/em><\/span><\/address>\n<address class=\"Texto_notas\"><span style=\"font-size: 8pt; color: #993300;\"><em>y sus posibilidades de integraci&oacute;n social y de supervivencia o progreso<\/em><\/span><\/address>\n<address class=\"Texto_notas\"><span style=\"font-size: 8pt; color: #993300;\"><em>personal. Aunque las personas son &uacute;nicas, en su trayecto vital deben pasar<\/em><\/span><\/address>\n<address class=\"Texto_notas\"><span style=\"font-size: 8pt; color: #993300;\"><em>por esos tres &aacute;mbitos, que responden a organizaciones distintas (familia,<\/em><\/span><\/address>\n<address class=\"Texto_notas\"><span style=\"font-size: 8pt; color: #993300;\"><em>escuela, organizaci&oacute;n laboral), todas ellas en procesos conflictivos de<\/em><\/span><\/address>\n<address class=\"Texto_notas\"><span style=\"font-size: 8pt; color: #993300;\"><em>transformaci&oacute;n y con un bajo grado de coordinaci&oacute;n entre s&iacute;.<\/em><\/span><\/address>\n<address class=\"Texto_notas\"><span style=\"font-size: 8pt; color: #993300;\"><em>M. A. Gallart (1997)<\/em><\/span><\/address>\n<p class=\"Texto_notas\">&nbsp;<\/p>\n<p><span style=\"font-size: 10pt; font-family: verdana, geneva;\">La  Direcci&oacute;n de Educaci&oacute;n Superior tiene como mandato la gesti&oacute;n de este nivel en lo que ata&ntilde;e a formaci&oacute;n docente y educaci&oacute;n t&eacute;cnico profesional. En ambas l&iacute;neas de trabajo se han hecho incansables esfuerzos para lograr niveles de desarrollo cada vez m&aacute;s altos y producir herramientas que fortalezcan el sistema. Los desarrollos realizados en Educaci&oacute;n T&eacute;cnico Profesional de Nivel Superior (ETP-NS) no s&oacute;lo apuntan a proporcionar a la comunidad y al sistema socioproductivo recursos humanos calificados, sino tambi&eacute;n llegar a un n&uacute;mero mayor de j&oacute;venes que aspiran a realizar estudios superiores con una oferta diversa y territorializada que habilite oportunidades para su despliegue personal e inserci&oacute;n laboral.<\/span><\/p>\n<p><span style=\"font-family: verdana, geneva;\">Este texto aborda algunas tem&aacute;ticas claves referidas a la compleja tarea de gestionar, en lo que respecta&nbsp; a la dimensi&oacute;n curricular, la Educaci&oacute;n T&eacute;cnico Profesional de Nivel Superior (ETP-NS).&nbsp;<\/span><\/p>\n<p><span style=\"font-family: verdana, geneva;\">Para ello es preciso ubicarse en un contexto m&aacute;s amplio, en el marco de las metas globales, nacionales y regionales de la educaci&oacute;n t&eacute;cnica, en su car&aacute;cter de modalidad educativa y en las formas en las cuales se implementa, como tambi&eacute;n en los desaf&iacute;os que le son propios.<\/span><\/p>\n<p><span style=\"font-family: verdana, geneva;\">La  ETP-NS tiene una breve pero significativa trayectoria; se puede afirmar que ha cumplido una misi&oacute;n inclusiva en lo que ata&ntilde;e a la universalizaci&oacute;n del Nivel Superior y ha&nbsp; planteado (y replanteado) el debate sobre la siempre fr&aacute;gil y compleja relaci&oacute;n entre educaci&oacute;n y trabajo.<\/span><\/p>\n<p><span style=\"font-family: verdana, geneva;\">La  Provincia de Mendoza cuenta hoy con un amplio abanico de Carreras de Educaci&oacute;n T&eacute;cnico Profesional distribuidas en su vasto territorio, constituy&eacute;ndose en un gran desaf&iacute;o el poder garantizar que estas ofertas sean variadas, acordes con las necesidades presentes y futuras del contexto socioproductivo local y regional, optimizando las condiciones de empleabilidad y la inserci&oacute;n laboral de sus egresados.<\/span><\/p>\n<p><span style=\"font-family: verdana, geneva;\">Estas ofertas responden, asimismo, a las demandas de una multitud de j&oacute;venes que desean continuar sus estudios en este nivel y que encuentran en este tipo de Carreras la oportunidad de llevar a cabo una formaci&oacute;n que los conduzca a una promoci&oacute;n personal y laboral a corto plazo.<\/span><\/p>\n<p><span style=\"font-family: verdana, geneva;\">La brevedad de la duraci&oacute;n de estas Carreras, su vinculaci&oacute;n con campos laborales espec&iacute;ficos, emplazamiento en territorio y accesibilidad, la hacen objeto de elecci&oacute;n de m&aacute;s de 15.000 j&oacute;venes de Mendoza.<\/span><\/p>\n<p><span style=\"font-family: verdana, geneva;\">Dada la relevancia e impacto de esta modalidad educativa, es esencial entonces que la misma parta de un enfoque sist&eacute;mico e integrador del mundo del trabajo y de la formaci&oacute;n, que pueda garantizar la pertinencia de las ofertas y la vinculaci&oacute;n permanente con el sector socio-productivo, as&iacute; como que pueda fortalecer a los sujetos de atenci&oacute;n propiciando el desarrollo de las competencias necesarias para mejorar su empleabilidad e incrementar sus oportunidades de trabajo decente.<\/span><\/p>\n<p><span style=\"font-family: verdana, geneva;\">En este marco, hay un conjunto de caracter&iacute;sticas de la ETP-NS que hacen de su gesti&oacute;n curricular un eje de trabajo fundamental para el incremento de la calidad y pertinencia de la oferta.<\/span><\/p>\n<p><span style=\"font-family: verdana, geneva;\">Por ello, y dado que se trata de carreras diversas, que se constituyen como propuestas educativas &ldquo;a t&eacute;rmino&rdquo;, es preciso abordar la problem&aacute;tica de la creaci&oacute;n de carreras, tanto como la modificaci&oacute;n o ajuste de las existentes o su &ldquo;desplazamiento&rdquo; por el territorio.<\/span><\/p>\n<p><span style=\"font-family: verdana, geneva;\">Esta mirada, y estos desaf&iacute;os, son los que permitir&aacute;n alcanzar m&aacute;s y mejores resultados en una modalidad educativa que debe ser visualizada como una herramienta din&aacute;mica y proactiva, que vincule y articule actores y recursos variados del contexto, y que pueda contribuir a un desarrollo econ&oacute;mico y social sustentable e incluyente.<\/span><\/p>\n<p style=\"text-align: center;\"><span style=\"font-family: verdana, geneva;\"><br \/><\/span><\/p>\n<p><\/p>\n<div style=\"text-align: center;\">\n<object style=\"width: 550px; height: 389px; display: block; margin-left: auto; margin-right: auto;\" width=\"100\" height=\"100\" data=\"http:\/\/static.issuu.com\/webembed\/viewers\/style1\/v1\/IssuuViewer.swf?mode=embed&amp;layout=http%3A%2F%2Fskin.issuu.com%2Fv%2Fwhite%2Flayout.xml&amp;showFlipBtn=true&amp;documentId=110408012725-1723ee0447b242a0ab2c3200f1afbe93&amp;docName=etpns&amp;username=gomez.carolina&amp;loadingInfoText=Gesti%C3%B3n%20Curricular%20de%20la%20Educaci%C3%B3n%20T%C3%A9cnico%20Profesional%20de%20Nivel%20Superior&amp;et=1302229563069&amp;er=57\" type=\"application\/x-shockwave-flash\"><param name=\"data\" value=\"http:\/\/static.issuu.com\/webembed\/viewers\/style1\/v1\/IssuuViewer.swf?mode=embed&amp;layout=http%3A%2F%2Fskin.issuu.com%2Fv%2Fwhite%2Flayout.xml&amp;showFlipBtn=true&amp;documentId=110408012725-1723ee0447b242a0ab2c3200f1afbe93&amp;docName=etpns&amp;username=gomez.carolina&amp;loadingInfoText=Gesti%C3%B3n%20Curricular%20de%20la%20Educaci%C3%B3n%20T%C3%A9cnico%20Profesional%20de%20Nivel%20Superior&amp;et=1302229563069&amp;er=57\"><param name=\"allowfullscreen\" value=\"true\"><param name=\"menu\" value=\"false\"><param name=\"src\" value=\"http:\/\/static.issuu.com\/webembed\/viewers\/style1\/v1\/IssuuViewer.swf?mode=embed&amp;layout=http%3A%2F%2Fskin.issuu.com%2Fv%2Fwhite%2Flayout.xml&amp;showFlipBtn=true&amp;documentId=110408012725-1723ee0447b242a0ab2c3200f1afbe93&amp;docName=etpns&amp;username=gomez.carolina&amp;loadingInfoText=Gesti%C3%B3n%20Curricular%20de%20la%20Educaci%C3%B3n%20T%C3%A9cnico%20Profesional%20de%20Nivel%20Superior&amp;et=1302229563069&amp;er=57\"><param name=\"flashvars\" value=\"mode=embed&amp;layout=http%3A%2F%2Fskin.issuu.com%2Fv%2Fwhite%2Flayout.xml&amp;showFlipBtn=true&amp;documentId=110408012725-1723ee0447b242a0ab2c3200f1afbe93&amp;docName=etpns&amp;username=gomez.carolina&amp;loadingInfoText=Gesti%C3%B3n%20Curricular%20de%20la%20Educaci%C3%B3n%20T%C3%A9cnico%20Profesional%20de%20Nivel%20Superior&amp;et=1302229563069&amp;er=57\"><\/object><\/p>\n<div style=\"width: 550px; text-align: left;\"><a href=\"http:\/\/issuu.com\/gomez.carolina\/docs\/etpns?mode=embed&amp;layout=http%3A%2F%2Fskin.issuu.com%2Fv%2Fwhite%2Flayout.xml&amp;showFlipBtn=true\" target=\"_blank\"><\/a><\/div>\n<\/div>\n<p style=\"text-align: center;\"><a title=\"Libro Gesti&oacute;n Curricular de la ETP - NS\" href=\"upload\/ETPNS.pdf\" target=\"_blank\"><img decoding=\"async\" src=\"https:\/\/superior-infd.mendoza.edu.ar\/sitio\/wp-content\/uploads\/2018\/08\/pdf1.jpg\" border=\"0\">&nbsp;Descargar Libro (934 Kb)<\/a><\/p><\/p>\n","protected":false},"excerpt":{"rendered":"<p>Presentaci&oacute;n Si analizamos las trayectorias educativas y laborales en la vida de las personas, vemos que se desarrollan en distintos &aacute;mbitos, todos ellos significativos para su presente y su futuro: su &aacute;mbito familiar, que contribuye a definir posibilidades y estrategias, tanto en la familia de origen como en la propia; el &aacute;mbito educativo, tanto en &#8230; <a title=\"Gesti\u00f3n Curricular de la Educaci\u00f3n T\u00e9cnico Profesional de Nivel Superior\" class=\"read-more\" href=\"https:\/\/superior-infd.mendoza.edu.ar\/sitio\/gestion-curricular-de-la-educacion-tecnico-profesional-de-nivel-superior\/\" aria-label=\"More on Gesti\u00f3n Curricular de la Educaci\u00f3n T\u00e9cnico Profesional de Nivel Superior\">[+]<\/a><\/p>\n","protected":false},"author":1090,"featured_media":0,"parent":0,"menu_order":0,"comment_status":"closed","ping_status":"closed","template":"","meta":[],"acf":[],"_links":{"self":[{"href":"https:\/\/superior-infd.mendoza.edu.ar\/sitio\/wp-json\/wp\/v2\/pages\/14052"}],"collection":[{"href":"https:\/\/superior-infd.mendoza.edu.ar\/sitio\/wp-json\/wp\/v2\/pages"}],"about":[{"href":"https:\/\/superior-infd.mendoza.edu.ar\/sitio\/wp-json\/wp\/v2\/types\/page"}],"author":[{"embeddable":true,"href":"https:\/\/superior-infd.mendoza.edu.ar\/sitio\/wp-json\/wp\/v2\/users\/1090"}],"replies":[{"embeddable":true,"href":"https:\/\/superior-infd.mendoza.edu.ar\/sitio\/wp-json\/wp\/v2\/comments?post=14052"}],"version-history":[{"count":0,"href":"https:\/\/superior-infd.mendoza.edu.ar\/sitio\/wp-json\/wp\/v2\/pages\/14052\/revisions"}],"wp:attachment":[{"href":"https:\/\/superior-infd.mendoza.edu.ar\/sitio\/wp-json\/wp\/v2\/media?parent=14052"}],"curies":[{"name":"wp","href":"https:\/\/api.w.org\/{rel}","templated":true}]}}

Gestión Curricular de la Educación Técnico Profesional de Nivel Superior

<p>Presentaci&oacute;n Si analizamos las trayectorias educativas y laborales en la vida de las personas, vemos que se desarrollan en distintos &aacute;mbitos, todos ellos significativos para su presente y su futuro: su &aacute;mbito familiar, que contribuye a definir posibilidades y estrategias, tanto en la familia de origen como en la propia; el &aacute;mbito educativo, tanto en &#8230; <a title="Gestión Curricular de la Educación Técnico Profesional de Nivel Superior" class="read-more" href="https://superior-infd.mendoza.edu.ar/sitio/gestion-curricular-de-la-educacion-tecnico-profesional-de-nivel-superior/" aria-label="More on Gestión Curricular de la Educación Técnico Profesional de Nivel Superior">[+]</a></p>
