{"id":14022,"date":"2018-08-30T18:18:43","date_gmt":"2018-08-30T21:18:43","guid":{"rendered":"https:\/\/des-mza.infd.edu.ar\/sitio\/trayectoria-de-formacion-e-insercion-laboral-de-los-egresados-del-profesorado-para-la-educacion-primaria\/"},"modified":"2018-08-30T18:18:43","modified_gmt":"2018-08-30T21:18:43","slug":"trayectoria-de-formacion-e-insercion-laboral-de-los-egresados-del-profesorado-para-la-educacion-primaria","status":"publish","type":"page","link":"https:\/\/superior-infd.mendoza.edu.ar\/sitio\/trayectoria-de-formacion-e-insercion-laboral-de-los-egresados-del-profesorado-para-la-educacion-primaria\/","title":{"rendered":"Trayectoria de formaci\u00f3n e inserci\u00f3n laboral de los egresados del profesorado para la educaci\u00f3n primaria."},"content":{"rendered":"<p>&nbsp;<\/p>\n<p><img decoding=\"async\" style=\"display: block; margin-left: auto; margin-right: auto;\" src=\"https:\/\/superior-infd.mendoza.edu.ar\/sitio\/wp-content\/uploads\/2018\/08\/EXPO20111.jpg\" border=\"0\"><\/p>\n<p><a title=\"Agenda D&iacute;a 2\" href=\"index.cgi?wid_item=283&amp;wid_seccion=19\"> (volver)<span style=\"font-size: 10pt; font-family: verdana,geneva;\"><img decoding=\"async\" src=\"https:\/\/superior-infd.mendoza.edu.ar\/sitio\/wp-content\/uploads\/2018\/08\/DIA2.jpg\" border=\"0\" align=\"left\"><\/span><\/a><\/p>\n<p><\/p>\n<p>&nbsp;<\/p>\n<p>&nbsp;<\/p>\n<p>&nbsp;<\/p>\n<p><strong>PROYECTO DE INVESTIGACI&Oacute;N<\/strong><\/p>\n<p>&nbsp;<\/p>\n<h3>&nbsp;T&iacute;tulo:<\/h3>\n<p>&nbsp;<\/p>\n<div>\n<p><strong><em>Trayectoria de formaci&oacute;n e inserci&oacute;n laboral de los egresados del profesorado para la educaci&oacute;n primaria.<\/em><\/strong><strong><em>&nbsp;<\/em><\/strong><\/p>\n<\/div>\n<p><strong><em>&nbsp;<\/em><\/strong><\/p>\n<p><strong>&Aacute;reas tem&aacute;ticas en las que se enmarca el proyecto: <\/strong><\/p>\n<p>&nbsp;<\/p>\n<p>Trayectoria de formaci&oacute;n, seguimiento de egresados e inserci&oacute;n laboral.<\/p>\n<p>&nbsp;<\/p>\n<p><strong>&nbsp;Resumen <\/strong><\/p>\n<p>&nbsp;<\/p>\n<p>Con este proyecto se pretende satisfacer a la necesidad jurisidiccional e institucional de contar con informaci&oacute;n actualizada acerca de las trayectorias reales de formaci&oacute;n de los docentes para el nivel primario en los institutos de formaci&oacute;n&nbsp; y de su posterior inserci&oacute;n laboral y desempe&ntilde;o en los puestos de trabajo, las condiciones de ingreso y permanencia en el campo laboral, los contextos y sus percepciones y expectativas respecto de ese mismo campo.<\/p>\n<p>&nbsp;<\/p>\n<p>Se pretende dos dimensiones de an&aacute;lisis de los datos logrados:<\/p>\n<p>-a nivel jurisdiccional, comparando con las realidades de otras instituciones y contextos de la provincia la informaci&oacute;n lograda;<\/p>\n<p>&#8211; y a nivel local: profundizando la comprensi&oacute;n de las din&aacute;micas de formaci&oacute;n e inserci&oacute;n de los propios egresados.<\/p>\n<p>&nbsp;<\/p>\n<p>Este proyecto se presenta como un instrumento &uacute;til para el an&aacute;lisis de la relaci&oacute;n entre educaci&oacute;n, formaci&oacute;n y empleo, mediante el seguimiento de egresados. Este&nbsp; estudio que implementa dicho seguimiento de inserci&oacute;n profesional, nos permitir&aacute; observar en la vida real, las inserciones de los egresados de los distintos programas de formaci&oacute;n que se han&nbsp; implementado en los &uacute;ltimos quince a&ntilde;os.<\/p>\n<p>Sobre la base de esta metodolog&iacute;a, se busca explicar las condiciones en que se ha dado el paso de los alumnos del mundo de la escuela al mundo del trabajo y las oportunidades reales que el medio les ha ofrecido y ofrece.<\/p>\n<p>&nbsp;<\/p>\n<p>&nbsp;<\/p>\n<p style=\"text-align: center;\"><a title=\"Agenda Expo 2011\" href=\"index.cgi?wid_item=278&amp;wid_seccion=19\"><span style=\"font-size: 10pt; font-family: verdana,geneva;\">Volver a <\/span><\/a><strong><a title=\"Agenda Expo 2011\" href=\"index.cgi?wid_item=278&amp;wid_seccion=19\"><img decoding=\"async\" loading=\"lazy\" src=\"https:\/\/superior-infd.mendoza.edu.ar\/sitio\/wp-content\/uploads\/2018\/08\/agenda_1.gif\" border=\"0\" width=\"105\" height=\"40\"><\/a><br \/><\/strong><\/p><\/p>\n","protected":false},"excerpt":{"rendered":"<p>&nbsp; (volver) &nbsp; &nbsp; &nbsp; PROYECTO DE INVESTIGACI&Oacute;N &nbsp; &nbsp;T&iacute;tulo: &nbsp; Trayectoria de formaci&oacute;n e inserci&oacute;n laboral de los egresados del profesorado para la educaci&oacute;n primaria.&nbsp; &nbsp; &Aacute;reas tem&aacute;ticas en las que se enmarca el proyecto: &nbsp; Trayectoria de formaci&oacute;n, seguimiento de egresados e inserci&oacute;n laboral. &nbsp; &nbsp;Resumen &nbsp; Con este proyecto se pretende satisfacer &#8230; <a title=\"Trayectoria de formaci\u00f3n e inserci\u00f3n laboral de los egresados del profesorado para la educaci\u00f3n primaria.\" class=\"read-more\" href=\"https:\/\/superior-infd.mendoza.edu.ar\/sitio\/trayectoria-de-formacion-e-insercion-laboral-de-los-egresados-del-profesorado-para-la-educacion-primaria\/\" aria-label=\"More on Trayectoria de formaci\u00f3n e inserci\u00f3n laboral de los egresados del profesorado para la educaci\u00f3n primaria.\">[+]<\/a><\/p>\n","protected":false},"author":1090,"featured_media":0,"parent":0,"menu_order":0,"comment_status":"closed","ping_status":"closed","template":"","meta":[],"acf":[],"_links":{"self":[{"href":"https:\/\/superior-infd.mendoza.edu.ar\/sitio\/wp-json\/wp\/v2\/pages\/14022"}],"collection":[{"href":"https:\/\/superior-infd.mendoza.edu.ar\/sitio\/wp-json\/wp\/v2\/pages"}],"about":[{"href":"https:\/\/superior-infd.mendoza.edu.ar\/sitio\/wp-json\/wp\/v2\/types\/page"}],"author":[{"embeddable":true,"href":"https:\/\/superior-infd.mendoza.edu.ar\/sitio\/wp-json\/wp\/v2\/users\/1090"}],"replies":[{"embeddable":true,"href":"https:\/\/superior-infd.mendoza.edu.ar\/sitio\/wp-json\/wp\/v2\/comments?post=14022"}],"version-history":[{"count":0,"href":"https:\/\/superior-infd.mendoza.edu.ar\/sitio\/wp-json\/wp\/v2\/pages\/14022\/revisions"}],"wp:attachment":[{"href":"https:\/\/superior-infd.mendoza.edu.ar\/sitio\/wp-json\/wp\/v2\/media?parent=14022"}],"curies":[{"name":"wp","href":"https:\/\/api.w.org\/{rel}","templated":true}]}}

Trayectoria de formación e inserción laboral de los egresados del profesorado para la educación primaria.

<p>&nbsp; (volver) &nbsp; &nbsp; &nbsp; PROYECTO DE INVESTIGACI&Oacute;N &nbsp; &nbsp;T&iacute;tulo: &nbsp; Trayectoria de formaci&oacute;n e inserci&oacute;n laboral de los egresados del profesorado para la educaci&oacute;n primaria.&nbsp; &nbsp; &Aacute;reas tem&aacute;ticas en las que se enmarca el proyecto: &nbsp; Trayectoria de formaci&oacute;n, seguimiento de egresados e inserci&oacute;n laboral. &nbsp; &nbsp;Resumen &nbsp; Con este proyecto se pretende satisfacer &#8230; <a title="Trayectoria de formación e inserción laboral de los egresados del profesorado para la educación primaria." class="read-more" href="https://superior-infd.mendoza.edu.ar/sitio/trayectoria-de-formacion-e-insercion-laboral-de-los-egresados-del-profesorado-para-la-educacion-primaria/" aria-label="More on Trayectoria de formación e inserción laboral de los egresados del profesorado para la educación primaria.">[+]</a></p>
